{"id":185,"date":"2018-07-16T10:45:46","date_gmt":"2018-07-16T10:45:46","guid":{"rendered":"http:\/\/primariabalotesti.ro\/?page_id=185"},"modified":"2021-05-14T18:06:00","modified_gmt":"2021-05-14T18:06:00","slug":"apa-canal","status":"publish","type":"page","link":"https:\/\/primariabalotesti.ro\/index.php\/apa-canal\/","title":{"rendered":"Ap\u0103 Canal"},"content":{"rendered":"<p>Asocia\u021bia de Dezvoltare Intercomunitar\u0103 Ap\u0103 &#8220;ADIA ILFOV&#8221; &#8211; <a href=\"http:\/\/primariabalotesti.ro\/wp-content\/uploads\/2018\/12\/SKM_C22718112914380.pdf\">Investi\u021bii<\/a><br \/>\nProcedura Bransare\/Racordare Primarii si CJI (<a href=\"http:\/\/primariabalotesti.ro\/wp-content\/uploads\/2021\/Adresa Apa Ilfov_info procedura bransare-racordare Primarii+CJI.pdf\">view<\/a>)<\/p>\n<p><span style=\"font-family: times new roman, times, serif;\">\u00a0\u00a0\u00a0\u00a0\u00a0\u00a0 Ap\u0103 Ilfov este, \u00eencep\u00e2nd cu anul 2009, Operatorul Regional al serviciului public de alimentare cu ap\u0103 \u0219i de canalizare din Jude\u021bul Ilfov, prin asocierea a opt localit\u0103\u0163i \u015fi Consiliul Jude\u0163ean Ilfov \u00een Asocia\u021bia de Dezvoltare Intercomunitar\u0103 Ap\u0103-Ilfov.<br \/>\n<\/span><span style=\"font-family: times new roman, times, serif;\">\u00cen prezent, Ap\u0103 Ilfov este Operator Regional al serviciului public de alimentare cu ap\u0103 \u015fi de canalizare \u00een 16\u00a0localit\u0103\u0163i din Jude\u0163ul Ilfov, respectiv Pantelimon, Bragadiru, Cornetu, Ciorog\u00e2rla, Domne\u015fti, Br\u0103ne\u015fti, Cernica, Dobroe\u015fti, Balote\u015fti, Ciolpani, Glina, Tunari, Mogo\u0219oaia, M\u0103gurele, Jilava \u0219i Clinceni.<br \/>\n<\/span><span style=\"font-family: times new roman, times, serif;\">Operatorul este constituit sub forma unei societ\u0103\u021bi comerciale, cu capital integral de stat, provenit din bugetul Unit\u0103\u021bilor Administrativ Teritoriale membre ADIA \u2013 Ilfov.<\/span><\/p>\n<p><span style=\"font-family: times new roman, times, serif;\"><a href=\"https:\/\/www.acilfov.ro\/index.php\/companie\/contacttt\"><strong>Contact<\/strong><\/a><\/span><\/p>\n<p><span style=\"font-family: times new roman, times, serif;\"><strong>S.C. AP\u0102 CANAL ILFOV S.A.<br \/>\n<\/strong><\/span><span style=\"font-family: times new roman, times, serif;\"><strong>Adres\u0103 sediu social:<\/strong>\u00a0str. Livezilor, nr. 94, Pantelimon, jude\u021bul Ilfov<br \/>\n<\/span><span style=\"font-family: times new roman, times, serif;\"><strong>Reg. Com:<\/strong>\u00a0J23\/1433\/2009<br \/>\n<\/span><span style=\"font-family: times new roman, times, serif;\"><strong>CIF:<\/strong>\u00a0RO 25709173<br \/>\n<\/span><span style=\"font-family: times new roman, times, serif;\"><strong>Adres\u0103 punct de lucru:<\/strong>\u00a0Calea Bucure\u0219tilor, nr. 222C, Pavilion S, Otopeni, Ilfov.<br \/>\n<\/span><span style=\"font-family: times new roman, times, serif;\"><strong>Cod IBAN\/Banca:<\/strong>\u00a0RO02BRDE445SV36801914450 deschis la BRD.<br \/>\n<\/span><span style=\"font-family: times new roman, times, serif;\"><strong>E-mail:<\/strong>\u00a0<a href=\"mailto:contact@acilfov.ro\">contact@acilfov.ro<\/a><br \/>\n<\/span><span style=\"font-family: times new roman, times, serif;\"><strong>Web:<\/strong>\u00a0<a href=\"http:\/\/www.acilfov.ro\/\">www.acilfov.ro<\/a><br \/>\n<\/span><span style=\"font-family: times new roman, times, serif;\"><strong>Tel.:<\/strong>\u00a00374 205 200<br \/>\n<\/span><span style=\"font-family: times new roman, times, serif;\"><strong>Fax<\/strong>.: 0374 205 204<br \/>\n<\/span><span style=\"font-family: times new roman, times, serif;\"><strong>Mobil Comercial:<\/strong>\u00a00751.516.416<\/span><\/p>\n<p><span style=\"font-family: times new roman, times, serif;\">Punct de lucru Balote\u0219ti<br \/>\n<\/span><span style=\"font-family: times new roman, times, serif;\">\u015eos.Unirii Nr.13 (fost complex comercial Suki);<\/span><\/p>\n<p><span style=\"font-family: times new roman, times, serif;\"><strong><u>Program audien\u021be<br \/>\n<\/u><\/strong><\/span><span style=\"font-family: times new roman, times, serif;\"><strong>Mar\u0163i<\/strong>:<br \/>\n<\/span><span style=\"font-family: times new roman, times, serif;\">Interval orar:11.00-16.00.<\/span><\/p>\n<p><span style=\"font-family: times new roman, times, serif;\">\u00a0\u00a0\u00a0\u00a0\u00a0\u00a0 \u00censcrierile \u00een audien\u0163\u0103 se fac telefonic, la num\u0103rul 0374.205.200, unde solicitantul va prezenta datele de identificare\u00a0\u015fi motivul \u00eenscrierii \u00een audien\u0163\u0103.<br \/>\n<\/span><span style=\"font-family: times new roman, times, serif;\">Audien\u0163ele se \u0163in la sediul operatorului din\u00a0Calea Bucure\u0219tilor, nr. 222C, Pavilion S, Otopeni, Ilfov.<\/span><\/p>\n","protected":false},"excerpt":{"rendered":"<p>Asocia\u021bia de Dezvoltare Intercomunitar\u0103 Ap\u0103 &#8220;ADIA ILFOV&#8221; &#8211; Investi\u021bii Procedura Bransare\/Racordare Primarii si CJI (view) \u00a0\u00a0\u00a0\u00a0\u00a0\u00a0 Ap\u0103 Ilfov este, \u00eencep\u00e2nd cu anul 2009, Operatorul Regional al serviciului public de alimentare [&hellip;]<\/p>\n","protected":false},"author":1,"featured_media":0,"parent":0,"menu_order":0,"comment_status":"closed","ping_status":"closed","template":"","meta":{"footnotes":""},"class_list":["post-185","page","type-page","status-publish","hentry"],"_links":{"self":[{"href":"https:\/\/primariabalotesti.ro\/index.php\/wp-json\/wp\/v2\/pages\/185"}],"collection":[{"href":"https:\/\/primariabalotesti.ro\/index.php\/wp-json\/wp\/v2\/pages"}],"about":[{"href":"https:\/\/primariabalotesti.ro\/index.php\/wp-json\/wp\/v2\/types\/page"}],"author":[{"embeddable":true,"href":"https:\/\/primariabalotesti.ro\/index.php\/wp-json\/wp\/v2\/users\/1"}],"replies":[{"embeddable":true,"href":"https:\/\/primariabalotesti.ro\/index.php\/wp-json\/wp\/v2\/comments?post=185"}],"version-history":[{"count":7,"href":"https:\/\/primariabalotesti.ro\/index.php\/wp-json\/wp\/v2\/pages\/185\/revisions"}],"predecessor-version":[{"id":1545,"href":"https:\/\/primariabalotesti.ro\/index.php\/wp-json\/wp\/v2\/pages\/185\/revisions\/1545"}],"wp:attachment":[{"href":"https:\/\/primariabalotesti.ro\/index.php\/wp-json\/wp\/v2\/media?parent=185"}],"curies":[{"name":"wp","href":"https:\/\/api.w.org\/{rel}","templated":true}]}}