{"id":197,"date":"2018-07-16T10:51:30","date_gmt":"2018-07-16T10:51:30","guid":{"rendered":"http:\/\/primariabalotesti.ro\/?page_id=197"},"modified":"2018-08-06T08:45:35","modified_gmt":"2018-08-06T08:45:35","slug":"taxe-si-impozite","status":"publish","type":"page","link":"https:\/\/primariabalotesti.ro\/index.php\/taxe-si-impozite\/","title":{"rendered":"Taxe \u0219i impozite"},"content":{"rendered":"<p>&nbsp;<\/p>\n<p align=\"center\"><span style=\"font-family: times new roman, times, serif;\"><b>ROM\u00c2NIA &#8211; <\/b><b>JUDE\u0162UL ILFOV <\/b><b>PRIM\u0102RIA COMUNEI BALOTE\u015eTI<br \/>\n<\/b><b>BIROUL TAXE \u015eI IMPOZITE PERSOANE FIZICE<br \/>\n<\/b><\/span><\/p>\n<p align=\"center\"><span style=\"font-family: times new roman, times, serif;\"><a href=\"http:\/\/primariabalotesti.ro\/wp-content\/uploads\/2013\/12\/Modalitati-de-plata-a-impozitelor-si-taxelor.pdf\" target=\"_blank\" rel=\"noopener\">Modalitati de plata a impozitelor si taxelor<\/a><\/span><\/p>\n<p align=\"center\"><span style=\"font-family: times new roman, times, serif;\"><a href=\"http:\/\/primariabalotesti.ro\/wp-content\/uploads\/2013\/12\/plata-prin-virament.pdf\" target=\"_blank\" rel=\"noopener\">Plati prin virament<\/a><\/span><\/p>\n<p style=\"text-align: left;\" align=\"center\"><span style=\"font-family: times new roman, times, serif;\"><b>ANUNT COLECTIV <a href=\"http:\/\/primariabalotesti.ro\/wp-content\/uploads\/2017\/08\/Anunt_colectiv10373.pdf\" target=\"_blank\" rel=\"noopener\">Nr. 10373\/ 23.08.2017<\/a><\/b><\/span><\/p>\n<p style=\"text-align: left;\" align=\"center\"><span style=\"font-family: times new roman, times, serif;\"><b>ANUNT COLECTIV <a href=\"http:\/\/primariabalotesti.ro\/wp-content\/uploads\/2017\/08\/9418-01082017.pdf\" target=\"_blank\" rel=\"noopener\"><b>Nr. 9418\/ 01.08.2017<\/b><\/a><\/b><\/span><\/p>\n<p style=\"text-align: left;\" align=\"center\"><span style=\"font-family: times new roman, times, serif;\"><b>ANUNT COLECTIV <a href=\"http:\/\/primariabalotesti.ro\/wp-content\/uploads\/2017\/03\/anunt_2454.pdf\" target=\"_blank\" rel=\"noopener\"><b>Nr. 2457\/ 28.02.2017<\/b><\/a><\/b><\/span><\/p>\n<p style=\"text-align: left;\" align=\"center\"><span style=\"font-family: times new roman, times, serif;\"><b>ANUNT COLECTIV <a href=\"http:\/\/primariabalotesti.ro\/wp-content\/uploads\/2017\/02\/anunt_comunicare_prin_publicitate.pdf\" target=\"_blank\" rel=\"noopener\"><b>Nr. 1366\/ 07.02.2017<\/b><\/a><\/b><\/span><\/p>\n","protected":false},"excerpt":{"rendered":"<p>&nbsp; ROM\u00c2NIA &#8211; JUDE\u0162UL ILFOV PRIM\u0102RIA COMUNEI BALOTE\u015eTI BIROUL TAXE \u015eI IMPOZITE PERSOANE FIZICE Modalitati de plata a impozitelor si taxelor Plati prin virament ANUNT COLECTIV Nr. 10373\/ 23.08.2017 ANUNT [&hellip;]<\/p>\n","protected":false},"author":1,"featured_media":0,"parent":0,"menu_order":0,"comment_status":"closed","ping_status":"closed","template":"","meta":{"footnotes":""},"class_list":["post-197","page","type-page","status-publish","hentry"],"_links":{"self":[{"href":"https:\/\/primariabalotesti.ro\/index.php\/wp-json\/wp\/v2\/pages\/197"}],"collection":[{"href":"https:\/\/primariabalotesti.ro\/index.php\/wp-json\/wp\/v2\/pages"}],"about":[{"href":"https:\/\/primariabalotesti.ro\/index.php\/wp-json\/wp\/v2\/types\/page"}],"author":[{"embeddable":true,"href":"https:\/\/primariabalotesti.ro\/index.php\/wp-json\/wp\/v2\/users\/1"}],"replies":[{"embeddable":true,"href":"https:\/\/primariabalotesti.ro\/index.php\/wp-json\/wp\/v2\/comments?post=197"}],"version-history":[{"count":10,"href":"https:\/\/primariabalotesti.ro\/index.php\/wp-json\/wp\/v2\/pages\/197\/revisions"}],"predecessor-version":[{"id":698,"href":"https:\/\/primariabalotesti.ro\/index.php\/wp-json\/wp\/v2\/pages\/197\/revisions\/698"}],"wp:attachment":[{"href":"https:\/\/primariabalotesti.ro\/index.php\/wp-json\/wp\/v2\/media?parent=197"}],"curies":[{"name":"wp","href":"https:\/\/api.w.org\/{rel}","templated":true}]}}