{"id":258,"date":"2018-07-18T11:26:36","date_gmt":"2018-07-18T11:26:36","guid":{"rendered":"http:\/\/primariabalotesti.ro\/?page_id=258"},"modified":"2018-08-29T08:02:41","modified_gmt":"2018-08-29T08:02:41","slug":"politie-locala-2","status":"publish","type":"page","link":"https:\/\/primariabalotesti.ro\/index.php\/politie-locala-2\/","title":{"rendered":"Poli\u021bie Local\u0103"},"content":{"rendered":"<p><span style=\"font-family: times new roman, times, serif;\">Analiza activitarilor desfasurate si rezultatele obtinute de efectivele politiei in anii: <\/span><\/p>\n<p><span style=\"font-family: times new roman, times, serif;\"><a href=\"http:\/\/primariabalotesti.ro\/wp-content\/uploads\/2018\/08\/2017.pdf\">2017<\/a> &#8211; <a href=\"http:\/\/primariabalotesti.ro\/wp-content\/uploads\/2018\/08\/2016.pdf\">2016<\/a> &#8211; <a href=\"http:\/\/primariabalotesti.ro\/wp-content\/uploads\/2018\/08\/2015.pdf\">2015<\/a> &#8211; <a href=\"http:\/\/primariabalotesti.ro\/wp-content\/uploads\/2018\/08\/2014.pdf\">2014<\/a> &#8211; <a href=\"http:\/\/primariabalotesti.ro\/wp-content\/uploads\/2018\/08\/2013.pdf\">2013<\/a><\/span><\/p>\n<p><span style=\"font-family: times new roman, times, serif;\"><strong><span style=\"font-size: 12pt;\">Poli\u0163ia local\u0103 se \u00eenfiin\u0163eaz\u0103 \u00een scopul exercit\u0103rii atribu\u0163iilor privind ap\u0103rarea drepturilor \u015fi libert\u0103\u0163ilor fundamentale ale persoanei, a propriet\u0103\u0163ii private \u015fi publice, prevenirea \u015fi descoperirea infrac\u0163iunilor, \u00een urm\u0103toarele domenii:<\/span><\/strong><\/span><\/p>\n<ol>\n<li><span style=\"font-family: times new roman, times, serif;\">a) ordinea \u015fi lini\u015ftea public\u0103, precum \u015fi paza bunurilor;<\/span><\/li>\n<li><span style=\"font-family: times new roman, times, serif;\">b) circula\u0163ia pe drumurile publice;<\/span><\/li>\n<li><span style=\"font-family: times new roman, times, serif;\">c) disciplina \u00een construc\u0163ii \u015fi afi\u015fajul stradal;<\/span><\/li>\n<li><span style=\"font-family: times new roman, times, serif;\">d) protec\u0163ia mediului;<\/span><\/li>\n<li><span style=\"font-family: times new roman, times, serif;\">e) activitatea comercial\u0103;<\/span><\/li>\n<li><span style=\"font-family: times new roman, times, serif;\">f) eviden\u0163a persoanelor;<\/span><\/li>\n<li><span style=\"font-family: times new roman, times, serif;\">g) alte domenii stabilite prin lege<\/span><\/li>\n<\/ol>\n<p><span style=\"font-family: times new roman, times, serif;\">Poli\u021bia local\u0103 este \u00eenfiin\u021bat\u0103 \u00een conformitate cu LEGEA nr. 155 din 12 iulie 2010 poli\u0163iei locale nr. 155\/2010 (Republicat\u0103 \u00een temeiul art. 107 alin. (3) din Legea nr. 255\/2013 pentru punerea \u00een aplicare a Legii nr. 135\/2010 privind Codul de procedur\u0103 penal\u0103 \u015fi pentru modificarea \u015fi completarea unor acte normative care cuprind dispozi\u0163ii procesual penale, publicat\u0103 \u00een Monitorul Oficial al Rom\u00e2niei, Partea I, nr. 515 din 14 august 2013, cu modific\u0103rile ulterioare, d\u00e2ndu-se textelor o nou\u0103 numerotare).<\/span><\/p>\n<p><span style=\"font-family: times new roman, times, serif;\"><strong>Atribu\u0163iile poli\u0163iei locale <\/strong><\/span><\/p>\n<p><span style=\"font-family: times new roman, times, serif;\"><strong>ART. 6 \u00cen domeniul ordinii \u015fi lini\u015ftii publice, precum \u015fi al pazei bunurilor, poli\u0163ia local\u0103 are urm\u0103toarele atribu\u0163ii: <\/strong><\/span><\/p>\n<ol>\n<li><span style=\"font-family: times new roman, times, serif;\">a) men\u0163ine ordinea \u015fi lini\u015ftea public\u0103 \u00een zonele \u015fi locurile stabilite prin planul de ordine \u015fi siguran\u0163\u0103 public\u0103 al unit\u0103\u0163ii\/subdiviziunii administrativ-teritoriale, aprobat \u00een condi\u0163iile legii;<\/span><\/li>\n<li><span style=\"font-family: times new roman, times, serif;\">b) men\u0163ine ordinea public\u0103 \u00een imediata apropiere a unit\u0103\u0163ilor de \u00eenv\u0103\u0163\u0103m\u00e2nt publice, a unit\u0103\u0163ilor sanitare publice, \u00een parc\u0103rile auto aflate pe domeniul public sau privat al unit\u0103\u0163ii\/subdiviziunii administrativ-teritoriale, \u00een zonele<\/span><\/li>\n<\/ol>\n<p><span style=\"font-family: times new roman, times, serif;\"><strong>ART. 7 \u00cen domeniul circula\u0163iei pe drumurile publice, poli\u0163ia local\u0103 are urm\u0103toarele atribu\u0163ii: <\/strong><\/span><\/p>\n<ol>\n<li><span style=\"font-family: times new roman, times, serif;\">a) asigur\u0103 fluen\u0163a circula\u0163iei pe drumurile publice din raza teritorial\u0103 de competen\u0163\u0103, av\u00e2nd dreptul de a efectua semnale regulamentare de oprire a conduc\u0103torilor de autovehicul exclusiv pentru \u00eendeplinirea atribu\u0163iilor conferite de prezenta lege \u00een domeniul circula\u0163iei pe drumurile publice;<\/span><\/li>\n<li><span style=\"font-family: times new roman, times, serif;\">b) verific\u0103 integritatea mijloacelor de semnalizare rutier\u0103 \u015fi sesizeaz\u0103 nereguli constatate privind func\u0163ionarea semafoarelor, starea indicatoarelor \u015fi a marcajelor rutiere \u015fi acord\u0103 asisten\u0163\u0103 \u00een zonele unde se aplic\u0103 marcaje rutiere;<\/span><\/li>\n<li><span style=\"font-family: times new roman, times, serif;\">c) particip\u0103 la ac\u0163iuni comune cu administratorul drumului pentru \u00eenl\u0103turarea efectelor fenomenelor naturale, cum sunt: ninsoare abundent\u0103, viscol, v\u00e2nt puternic, ploaie toren\u0163ial\u0103, grindin\u0103, polei \u015fi alte asemenea fenomene, pe drumurile publice;<\/span><\/li>\n<li><span style=\"font-family: times new roman, times, serif;\">d) particip\u0103, \u00eempreun\u0103 cu unit\u0103\u0163ile\/structurile teritoriale ale Poli\u0163iei Rom\u00e2ne, la asigurarea m\u0103surilor de circula\u0163ie ocazionate de adun\u0103ri publice, mitinguri, mar\u015furi, demonstra\u0163ii, procesiuni, ac\u0163iuni de pichetare, ac\u0163iuni comerciale promo\u0163ionale, manifest\u0103ri cultural-artistice, sportive, religioase sau comemorative, dup\u0103 caz, precum \u015fi de alte activit\u0103\u0163i care se desf\u0103\u015foar\u0103 pe drumul public \u015fi implic\u0103 aglomer\u0103ri de persoane;<\/span><\/li>\n<li><span style=\"font-family: times new roman, times, serif;\">e) sprijin\u0103 unit\u0103\u0163ile\/structurile teritoriale ale Poli\u0163iei Rom\u00e2ne \u00een asigurarea m\u0103surilor de circula\u0163ie \u00een cazul transporturilor speciale \u015fi al celor agabaritice pe raza teritorial\u0103 de competen\u0163\u0103;<\/span><\/li>\n<li><span style=\"font-family: times new roman, times, serif;\">f) acord\u0103 sprijin unit\u0103\u0163ilor\/structurilor teritoriale ale Poli\u0163iei Rom\u00e2ne \u00een luarea m\u0103surilor pentru asigurarea fluen\u0163ei \u015fi siguran\u0163ei traficului;<\/span><\/li>\n<li><span style=\"font-family: times new roman, times, serif;\">g) asigur\u0103, \u00een cazul accidentelor soldate cu victime, paza locului acestor accidente \u015fi ia primele m\u0103suri ce se impun pentru conservarea urmelor, identificarea martorilor \u015fi a f\u0103ptuitorilor \u015fi, dac\u0103 se impune, transportul victimelor la cea mai apropiat\u0103 unitate sanitar\u0103;<\/span><\/li>\n<li><span style=\"font-family: times new roman, times, serif;\">h) constat\u0103 contraven\u0163ii \u015fi aplic\u0103 sanc\u0163iuni pentru \u00eenc\u0103lcarea normelor legale privind oprirea, sta\u0163ionarea, parcarea autovehiculelor \u015fi accesul interzis, av\u00e2nd dreptul de a dispune m\u0103suri de ridicare a autovehiculelor sta\u0163ionate neregulamentar;<\/span><\/li>\n<li><span style=\"font-family: times new roman, times, serif;\">i) constat\u0103 contraven\u0163ii \u015fi aplic\u0103 sanc\u0163iuni pentru \u00eenc\u0103lcarea normelor legale privind masa maxim\u0103 admis\u0103 \u015fi accesul pe anumite sectoare de drum, av\u00e2nd dreptul de a efectua semnale de oprire a conduc\u0103torilor acestor vehicule;<\/span><\/li>\n<li><span style=\"font-family: times new roman, times, serif;\">j) constat\u0103 contraven\u0163ii \u015fi aplic\u0103 sanc\u0163iuni pentru \u00eenc\u0103lcarea normelor rutiere de c\u0103tre pietoni, bicicli\u015fti, conduc\u0103tori de mopede \u015fi vehicule cu trac\u0163iune animal\u0103;<\/span><\/li>\n<li><span style=\"font-family: times new roman, times, serif;\">k) constat\u0103 contraven\u0163ii \u015fi aplic\u0103 sanc\u0163iuni pentru nerespectarea prevederilor legale referitoare la circula\u0163ia \u00een zona pietonal\u0103, \u00een zona reziden\u0163ial\u0103, \u00een parcuri \u015fi zone de agrement, precum \u015fi pe locurile de parcare adaptate, rezervate \u015fi semnalizate prin semnul interna\u0163ional pentru persoanele cu handicap;<\/span><\/li>\n<li><span style=\"font-family: times new roman, times, serif;\">l) aplic\u0103 prevederile legale privind regimul juridic al vehiculelor f\u0103r\u0103 st\u0103p\u00e2n sau abandonate pe terenuri apar\u0163in\u00e2nd domeniului public sau privat al statului ori al unit\u0103\u0163ilor\/subdiviziunilor administrativ-teritoriale;<\/span><\/li>\n<li><span style=\"font-family: times new roman, times, serif;\">m) coopereaz\u0103 cu unit\u0103\u0163ile\/structurile teritoriale ale Poli\u0163iei Rom\u00e2ne pentru identificarea de\u0163in\u0103torului\/utilizatorului autovehiculului ridicat ca urmare a sta\u0163ion\u0103rii neregulamentare sau al autovehiculelor abandonate pe domeniul public.<\/span><\/li>\n<\/ol>\n<p><span style=\"font-family: times new roman, times, serif;\"><strong>ART. 8 \u00cen domeniul disciplinei \u00een construc\u0163ii \u015fi al afi\u015fajului stradal, poli\u0163ia local\u0103 are urm\u0103toarele atribu\u0163ii: <\/strong><\/span><\/p>\n<ol>\n<li><span style=\"font-family: times new roman, times, serif;\">a) efectueaz\u0103 controale pentru identificarea lucr\u0103rilor de construc\u0163ii executate f\u0103r\u0103 autoriza\u0163ie de construire sau desfiin\u0163are, dup\u0103 caz, inclusiv a construc\u0163iilor cu caracter provizoriu;<\/span><\/li>\n<li><span style=\"font-family: times new roman, times, serif;\">b) efectueaz\u0103 controale pentru identificarea persoanelor care nu respect\u0103 autoriza\u0163ia de executare a lucr\u0103rilor de repara\u0163ii ale p\u0103r\u0163ii carosabile \u015fi pietonale;<\/span><\/li>\n<li><span style=\"font-family: times new roman, times, serif;\">c) verific\u0103 respectarea normelor legale privind afi\u015fajul publicitar, afi\u015fajul electoral \u015fi orice alt\u0103 form\u0103 de afi\u015faj\/reclam\u0103, inclusiv cele referitoare la amplasarea firmei la locul de desf\u0103\u015furare a activit\u0103\u0163ii economice;<\/span><\/li>\n<li><span style=\"font-family: times new roman, times, serif;\">d) particip\u0103 la ac\u0163iunile de demolare\/dezmembrare\/ dinamitare a construc\u0163iilor efectuate f\u0103r\u0103 autoriza\u0163ie pe domeniul public sau privat al unit\u0103\u0163ii\/subdiviziunii administrativ-teritoriale ori pe spa\u0163ii aflate \u00een administrarea autorit\u0103\u0163ilor administra\u0163iei publice locale sau a altor institu\u0163ii\/servicii publice de interes local, prin asigurarea protec\u0163iei perimetrului \u015fi a libert\u0103\u0163ii de ac\u0163iune a personalului care particip\u0103 la aceste opera\u0163iuni specifice;<\/span><\/li>\n<li><span style=\"font-family: times new roman, times, serif;\">e) constat\u0103, dup\u0103 caz, conform atribu\u0163iilor stabilite prin lege, contraven\u0163iile privind disciplina \u00een domeniul autoriz\u0103rii execut\u0103rii lucr\u0103rilor \u00een construc\u0163ii \u015fi \u00eenainteaz\u0103 proceseleverbale de constatare a contraven\u0163iilor, \u00een vederea aplic\u0103rii sanc\u0163iunii, \u015fefului compartimentului de specialitate care coordoneaz\u0103 activitatea de amenajare a teritoriului \u015fi de urbanism sau, dup\u0103 caz, pre\u015fedintelui consiliului jude\u0163ean, primarului unit\u0103\u0163ii administrativ-teritoriale ori al sectorului municipiului Bucure\u015fti \u00een a c\u0103rui raz\u0103 de competen\u0163\u0103 s-a s\u0103v\u00e2r\u015fit contraven\u0163ia sau persoanei \u00eemputernicite de ace\u015ftia.<\/span><\/li>\n<\/ol>\n<p><span style=\"font-family: times new roman, times, serif;\"><strong>ART. 9 \u00cen domeniul protec\u0163iei mediului, poli\u0163ia local\u0103 are urm\u0103toarele atribu\u0163ii: <\/strong><\/span><\/p>\n<ol>\n<li><span style=\"font-family: times new roman, times, serif;\">a) controleaz\u0103 respectarea prevederilor legale privind condi\u0163iile de ridicare, transport \u015fi depozitare a de\u015feurilor menajere \u015fi industriale;<\/span><\/li>\n<li><span style=\"font-family: times new roman, times, serif;\">b) sesizeaz\u0103 autorit\u0103\u0163ilor \u015fi institu\u0163iilor publice competente cazurile de nerespectare a normelor legale privind nivelul de poluare, inclusiv fonic\u0103;<\/span><\/li>\n<li><span style=\"font-family: times new roman, times, serif;\">c) particip\u0103 la ac\u0163iunile de combatere a zoonozelor deosebit de grave \u015fi a epizootiilor;<\/span><\/li>\n<li><span style=\"font-family: times new roman, times, serif;\">d) identific\u0103 bunurile abandonate pe domeniul public sau privat al unit\u0103\u0163ii\/subdiviziunii administrativ-teritoriale sau pe spa\u0163ii aflate \u00een administrarea autorit\u0103\u0163ilor administra\u0163iei publice locale ori a altor institu\u0163ii\/servicii publice de interes local \u015fi aplic\u0103 procedurile legale pentru ridicarea acestora;<\/span><\/li>\n<li><span style=\"font-family: times new roman, times, serif;\">e) verific\u0103 igienizarea surselor de ap\u0103, a malurilor, a albiilor sau cuvetelor acestora;<\/span><\/li>\n<li><span style=\"font-family: times new roman, times, serif;\">f) verific\u0103 asigurarea salubriz\u0103rii str\u0103zilor, a c\u0103ilor de acces, a zonelor verzi, a rigolelor, \u00eendep\u0103rtarea z\u0103pezii \u015fi a ghe\u0163ii de pe c\u0103ile de acces, dezinsec\u0163ia \u015fi deratizarea imobilelor;<\/span><\/li>\n<li><span style=\"font-family: times new roman, times, serif;\">g) verific\u0103 existen\u0163a contractelor de salubrizare \u00eencheiate de c\u0103tre persoane fizice sau juridice, potrivit legii;<\/span><\/li>\n<li><span style=\"font-family: times new roman, times, serif;\">h) verific\u0103 ridicarea de\u015feurilor menajere de operatorii de servicii de salubrizare, \u00een conformitate cu graficele stabilite;<\/span><\/li>\n<li><span style=\"font-family: times new roman, times, serif;\">i) verific\u0103 \u015fi solu\u0163ioneaz\u0103, potrivit competen\u0163elor specifice ale autorit\u0103\u0163ilor administra\u0163iei publice locale, sesiz\u0103rile cet\u0103\u0163enilor privind nerespectarea normelor legale de protec\u0163ie a mediului \u015fi a surselor de ap\u0103, precum \u015fi a celor de gospod\u0103rire a localit\u0103\u0163ilor;<\/span><\/li>\n<li><span style=\"font-family: times new roman, times, serif;\">j) constat\u0103 contraven\u0163ii \u015fi aplic\u0103 sanc\u0163iuni pentru \u00eenc\u0103lcarea normelor legale specifice realiz\u0103rii atribu\u0163iilor prev\u0103zute la lit. a)-i), stabilite \u00een sarcina autorit\u0103\u0163ilor administra\u0163iei publice locale.<\/span><\/li>\n<\/ol>\n<p><span style=\"font-family: times new roman, times, serif;\"><strong>ART. 10 \u00cen domeniul activit\u0103\u0163ii comerciale, poli\u0163ia local\u0103 are urm\u0103toarele atribu\u0163ii:<\/strong><\/span><\/p>\n<ol>\n<li><span style=\"font-family: times new roman, times, serif;\">a) ac\u0163ioneaz\u0103 pentru respectarea normelor legale privind desf\u0103\u015furarea comer\u0163ului stradal \u015fi a activit\u0103\u0163ilor comerciale, respectiv a condi\u0163iilor \u015fi a locurilor stabilite de autorit\u0103\u0163ile administra\u0163iei publice locale;<\/span><\/li>\n<li><span style=\"font-family: times new roman, times, serif;\">b) verific\u0103 legalitatea activit\u0103\u0163ilor de comercializare a produselor desf\u0103\u015furate de operatori economici, persoane fizice \u015fi juridice autorizate \u015fi produc\u0103tori particulari \u00een pie\u0163ele agroalimentare, t\u00e2rguri \u015fi oboare, precum \u015fi respectarea prevederilor legale de c\u0103tre administratorii pie\u0163elor agroalimentare;<\/span><\/li>\n<li><span style=\"font-family: times new roman, times, serif;\">c) verific\u0103 existen\u0163a la locul de desf\u0103\u015furare a activit\u0103\u0163ii comerciale a autoriza\u0163iilor, a aprob\u0103rilor, a documentelor de provenien\u0163\u0103 a m\u0103rfii, a buletinelor de verificare metrologic\u0103 pentru c\u00e2ntare, a avizelor \u015fi a altor documente stabilite prin legi sau acte administrative ale autorit\u0103\u0163ilor administra\u0163iei publice centrale \u015fi locale;<\/span><\/li>\n<li><span style=\"font-family: times new roman, times, serif;\">d) verific\u0103 respectarea normelor legale privind comercializarea obiectelor cu caracter religios;<\/span><\/li>\n<li><span style=\"font-family: times new roman, times, serif;\">e) verific\u0103 respectarea normelor legale privind amplasarea materialelor publicitare \u015fi a locurilor de comercializare a produselor din tutun \u015fi a b\u0103uturilor alcoolice;<\/span><\/li>\n<li><span style=\"font-family: times new roman, times, serif;\">f) verific\u0103 respectarea prevederilor legale privind orarul de aprovizionare \u015fi func\u0163ionare al operatorilor economici;<\/span><\/li>\n<li><span style=\"font-family: times new roman, times, serif;\">g) identific\u0103 m\u0103rfurile \u015fi produsele abandonate pe domeniul public sau privat al unit\u0103\u0163ii administrativ-teritoriale \u015fi pe raza sectoarelor municipiului Bucure\u015fti sau pe spa\u0163ii aflate \u00een administrarea autorit\u0103\u0163ilor administra\u0163iei publice locale ori a altor servicii\/institu\u0163ii de interes local \u015fi aplic\u0103 procedurile legale de ridicare a acestora;<\/span><\/li>\n<li><span style=\"font-family: times new roman, times, serif;\">h) verific\u0103 respectarea regulilor \u015fi normelor de comer\u0163 \u015fi prest\u0103ri de servicii stabilite prin acte normative \u00een competen\u0163a autorit\u0103\u0163ilor administra\u0163iei publice locale;<\/span><\/li>\n<li><span style=\"font-family: times new roman, times, serif;\">i) coopereaz\u0103 \u015fi acord\u0103 sprijin autorit\u0103\u0163ilor de control sanitar, de mediu \u015fi de protec\u0163ie a consumatorilor \u00een exercitarea atribu\u0163iilor de serviciu specifice domeniului de activitate al acestora;<\/span><\/li>\n<li><span style=\"font-family: times new roman, times, serif;\">j) verific\u0103 respectarea obliga\u0163iilor ce revin operatorilor economici cu privire la afi\u015farea pre\u0163urilor, a produselor comercializate \u015fi a serviciilor \u015fi sesizeaz\u0103 autorit\u0103\u0163ile competente \u00een cazul \u00een care identific\u0103 nereguli;<\/span><\/li>\n<li><span style=\"font-family: times new roman, times, serif;\">k) verific\u0103 \u015fi solu\u0163ioneaz\u0103, \u00een condi\u0163iile legii, peti\u0163iile primite \u00een leg\u0103tur\u0103 cu activit\u0103\u0163i de produc\u0163ie, comer\u0163 sau prest\u0103ri de servicii desf\u0103\u015furate \u00een locuri publice cu \u00eenc\u0103lcarea normelor legale;<\/span><\/li>\n<li><span style=\"font-family: times new roman, times, serif;\">l) constat\u0103 contraven\u0163ii \u015fi aplic\u0103 sanc\u0163iuni pentru \u00eenc\u0103lcarea normelor legale specifice realiz\u0103rii atribu\u0163iilor prev\u0103zute la lit. a)-j), stabilite \u00een sarcina autorit\u0103\u0163ilor administra\u0163iei publice locale.<\/span><\/li>\n<\/ol>\n<p><span style=\"font-family: times new roman, times, serif;\"><strong>ART. 11 \u00cen domeniul eviden\u0163ei persoanelor, poli\u0163ia local\u0103 are urm\u0103toarele atribu\u0163ii: <\/strong><\/span><\/p>\n<ol>\n<li><span style=\"font-family: times new roman, times, serif;\">a) \u00eenm\u00e2neaz\u0103 c\u0103r\u0163ile de aleg\u0103tor persoanelor la \u00eemplinirea v\u00e2rstei de 18 ani;<\/span><\/li>\n<li><span style=\"font-family: times new roman, times, serif;\">b) coopereaz\u0103 cu alte autorit\u0103\u0163i competente \u00een vederea verific\u0103rii, la cererea acestora, a unor date cu caracter personal, dac\u0103 solicitarea este justificat\u0103 prin necesitatea \u00eendeplinirii unei atribu\u0163ii prev\u0103zute de lege, cu respectarea reglement\u0103rilor legale privind prelucrarea datelor cu caracter personal \u015fi libera circula\u0163ie a acestor date;<\/span><\/li>\n<li><span style=\"font-family: times new roman, times, serif;\">c) constat\u0103 contraven\u0163ii \u015fi aplic\u0103 sanc\u0163iuni pentru nerespectarea normelor legale privind domiciliul, re\u015fedin\u0163a \u015fi actele de identitate ale cet\u0103\u0163enilor rom\u00e2ni, inclusiv asupra obliga\u0163iilor pe care le au persoanele prev\u0103zute la art. 38 alin. (2) din Ordonan\u0163a de urgen\u0163\u0103 a Guvernului nr. 97\/2005 privind eviden\u0163a, domiciliul, re\u015fedin\u0163a \u015fi actele de identitate ale cet\u0103\u0163enilor rom\u00e2ni, republicat\u0103, cu modific\u0103rile \u015fi complet\u0103rile ulterioare;<\/span><\/li>\n<li><span style=\"font-family: times new roman, times, serif;\">d) coopereaz\u0103 cu serviciile publice comunitare de eviden\u0163\u0103 a persoanelor pentru punerea \u00een legalitate a persoanelor cu acte de identitate expirate \u015fi a minorilor cu v\u00e2rst\u0103 peste 14 ani, care nu au acte de identitate.<\/span><\/li>\n<\/ol>\n","protected":false},"excerpt":{"rendered":"<p>Analiza activitarilor desfasurate si rezultatele obtinute de efectivele politiei in anii: 2017 &#8211; 2016 &#8211; 2015 &#8211; 2014 &#8211; 2013 Poli\u0163ia local\u0103 se \u00eenfiin\u0163eaz\u0103 \u00een scopul exercit\u0103rii atribu\u0163iilor privind ap\u0103rarea [&hellip;]<\/p>\n","protected":false},"author":1,"featured_media":0,"parent":0,"menu_order":0,"comment_status":"closed","ping_status":"closed","template":"","meta":{"footnotes":""},"class_list":["post-258","page","type-page","status-publish","hentry"],"_links":{"self":[{"href":"https:\/\/primariabalotesti.ro\/index.php\/wp-json\/wp\/v2\/pages\/258"}],"collection":[{"href":"https:\/\/primariabalotesti.ro\/index.php\/wp-json\/wp\/v2\/pages"}],"about":[{"href":"https:\/\/primariabalotesti.ro\/index.php\/wp-json\/wp\/v2\/types\/page"}],"author":[{"embeddable":true,"href":"https:\/\/primariabalotesti.ro\/index.php\/wp-json\/wp\/v2\/users\/1"}],"replies":[{"embeddable":true,"href":"https:\/\/primariabalotesti.ro\/index.php\/wp-json\/wp\/v2\/comments?post=258"}],"version-history":[{"count":10,"href":"https:\/\/primariabalotesti.ro\/index.php\/wp-json\/wp\/v2\/pages\/258\/revisions"}],"predecessor-version":[{"id":796,"href":"https:\/\/primariabalotesti.ro\/index.php\/wp-json\/wp\/v2\/pages\/258\/revisions\/796"}],"wp:attachment":[{"href":"https:\/\/primariabalotesti.ro\/index.php\/wp-json\/wp\/v2\/media?parent=258"}],"curies":[{"name":"wp","href":"https:\/\/api.w.org\/{rel}","templated":true}]}}