{"id":269,"date":"2018-07-18T11:28:57","date_gmt":"2018-07-18T11:28:57","guid":{"rendered":"http:\/\/primariabalotesti.ro\/?page_id=269"},"modified":"2018-07-31T19:26:26","modified_gmt":"2018-07-31T19:26:26","slug":"turism","status":"publish","type":"page","link":"https:\/\/primariabalotesti.ro\/index.php\/turism\/","title":{"rendered":"Turism"},"content":{"rendered":"\t\t<div data-elementor-type=\"wp-post\" data-elementor-id=\"269\" class=\"elementor elementor-269 elementor-bc-flex-widget\">\n\t\t\t\t\t\t<section class=\"elementor-section elementor-top-section elementor-element elementor-element-7e182b4e elementor-section-boxed elementor-section-height-default elementor-section-height-default\" data-id=\"7e182b4e\" data-element_type=\"section\">\n\t\t\t\t\t\t<div class=\"elementor-container elementor-column-gap-default\">\n\t\t\t\t\t<div class=\"elementor-column elementor-col-100 elementor-top-column elementor-element elementor-element-7417b149\" data-id=\"7417b149\" data-element_type=\"column\">\n\t\t\t<div class=\"elementor-widget-wrap elementor-element-populated\">\n\t\t\t\t\t\t<div class=\"elementor-element elementor-element-6fc77672 elementor-widget elementor-widget-text-editor\" data-id=\"6fc77672\" data-element_type=\"widget\" data-widget_type=\"text-editor.default\">\n\t\t\t\t<div class=\"elementor-widget-container\">\n\t\t\t\t\t\t\t<p><span style=\"font-family: 'times new roman', times, serif;\"><strong>\u00a0<\/strong><\/span><\/p><p><span style=\"font-family: 'times new roman', times, serif;\"><img fetchpriority=\"high\" decoding=\"async\" class=\"zoooom alignright wp-image-634\" src=\"http:\/\/primariabalotesti.ro\/wp-content\/uploads\/2018\/07\/turism.png\" alt=\"\" width=\"650\" height=\"416\" srcset=\"https:\/\/primariabalotesti.ro\/wp-content\/uploads\/2018\/07\/turism.png 605w, https:\/\/primariabalotesti.ro\/wp-content\/uploads\/2018\/07\/turism-300x192.png 300w\" sizes=\"(max-width: 650px) 100vw, 650px\" \/><\/span><\/p><p style=\"text-align: left;\"><span style=\"font-family: 'times new roman', times, serif;\">\u00a0 \u00a0 \u00a0 \u00a0 \u00a0 \u00a0 \u00a0Comuna Balote\u0219ti este situat\u0103 \u00eentr-o zon\u0103 pitoreasc\u0103, ceea ce a facilitat dezvoltarea accentuate a turismului \u00een ultimii ani.<br \/><\/span><span style=\"font-family: 'times new roman', times, serif;\"><strong>Prezentare<br \/><\/strong><\/span><span style=\"font-family: 'times new roman', times, serif;\">\u00a0 \u00a0 \u00a0 \u00a0 \u00a0 \u00a0 Comuna Balote\u0219ti este situata \u00een partea nordic\u0103 a Jude\u021bului Ilfov, la aproximativ 20 km nord de Municipiul Bucure\u0219ti.\u00a0<\/span><span style=\"font-family: 'times new roman', times, serif;\">Se \u00eenvecineaz\u0103 la nord \u0219i nord-est cu comuna Snagov, la sud cu ora\u0219ul Otopeni, la est cu comuna Moara Vl\u0103siei, la vest cu comuna Corbeanca, iar la nord-vest cu comuna Peri\u0219.<br \/><\/span><span style=\"font-family: 'times new roman', times, serif;\">\u00a0 \u00a0 \u00a0 \u00a0 \u00a0 \u00a0 \u00a0Comuna Balote\u0219ti se \u00eencadreaza \u00een C\u00e2mpia Rom\u00e2na \u0219i anume din componen\u021ba sudica a C\u00e2mpiei Vl\u0103siei, denumit\u0103 C\u00e2mpia Bucure\u0219tilor.<br \/><\/span><span style=\"font-family: 'times new roman', times, serif;\">\u00a0 \u00a0 \u00a0 \u00a0 \u00a0 \u00a0 \u00a0Relieful are aspect de c\u00e2mpie cvasiplana, cu o u\u0219oara \u00eenclinare nord-sud.<br \/><\/span><span style=\"font-family: 'times new roman', times, serif;\">\u00a0 \u00a0 \u00a0 \u00a0 \u00a0 \u00a0 \u00a0Uniformitatea c\u00e2mpiei este \u00eentrerupta de Valea Vl\u0103siei la nord \u0219i de Valea Cociovali\u0219tea la sud, precum \u0219i de prezenta unor crovuri rezultate \u00een urma proceselor de claustocarst sufozional mecanic, urmat de cel chimic.<br \/><\/span><span style=\"font-family: 'times new roman', times, serif;\">\u00a0 \u00a0 \u00a0 \u00a0 \u00a0 \u00a0 \u00a0Ad\u00e2ncimea nivelului apei freatice se situeaz\u0103 \u00een general \u00eentre 5 \u0219i 10 m.<br \/><\/span><span style=\"font-family: 'times new roman', times, serif;\">\u00a0 \u00a0 \u00a0 \u00a0 \u00a0 \u00a0 \u00a0Temparatura medie anual\u0103 este de 10.3 grade C. Temperatura medie lunar\u0103 cea mai ridicat\u0103 se \u00eenregistreaz\u0103 \u00een iulie (22.3 grade C), \u0219i cea mai scazut\u0103 \u00een ianuarie (-3.3 grade C). Amplitudinea termic\u0103 de 71.1 grade C denot\u0103 caracterul de continentalism al climei.<br \/><\/span><span style=\"font-family: 'times new roman', times, serif;\">\u00a0 \u00a0 \u00a0 \u00a0 \u00a0 \u00a0 \u00a0 Cantitatea medie anual\u0103 de precipita\u021bii este de 555mm\/mp cu un excedent \u00een luna iunie \u0219i un deficit pluvial \u00een luna februarie.<br \/><\/span><span style=\"font-family: 'times new roman', times, serif;\">\u00a0 \u00a0 \u00a0 \u00a0 \u00a0 \u00a0 \u00a0 \u00a0Regimul eolian este caracterizat printr-o frecven\u021b\u0103 \u0219i intensitate ridicat\u0103 a v\u00e2nturilor din NE (Criva\u021bul), \u0219i urmate de cele din V (Austrul).<br \/><\/span><span style=\"font-family: 'times new roman', times, serif;\">\u00a0 \u00a0 \u00a0 \u00a0 \u00a0 \u00a0 \u00a0 \u00a0Din punct de vedere geobotanic, comuna Balote\u0219ti face parte din zona silvostepei. vegeta\u021bia lemnoas\u0103 concentrat\u0103 \u00een p\u0103durile fostului Codru al Vl\u0103siei este reprezentat\u0103 de stejar, cer, garnit\u0103, ulm \u0219i carpen. Ca subarboret \u00eent\u00e2lnim p\u0103ducelul, lemnul c\u00e2inesc, porumbarul etc.<br \/><\/span><span style=\"font-family: 'times new roman', times, serif;\">\u00a0 \u00a0 \u00a0 \u00a0 \u00a0 \u00a0 \u00a0 \u00a0Ca specii vegetale ierboase, considerate daun\u0103toare culturilor agricole, mai frecvent \u00eentalnite sunt: pirul gros, volbura, costreiul, p\u0103l\u0103mida etc.<br \/><\/span><span style=\"font-family: 'times new roman', times, serif;\">\u00a0 \u00a0 \u00a0 \u00a0 \u00a0 \u00a0 \u00a0 \u00a0De-a lungul Vaii Vl\u0103siei, pe sectoarele neamenajate, vegeta\u021bia hidrofila este foarte bine reprezentat\u0103.<br \/><\/span><span style=\"font-family: 'times new roman', times, serif;\">\u00a0 \u00a0 \u00a0 \u00a0 \u00a0 \u00a0 \u00a0 \u00a0Tipurile de sol: cernoziom argilo-iluvial, brun-ro\u0219cat, brun-rescat luvic, brun si regosol.. Textura solului este mijlocie, iar structura glumerular\u0103.<br \/><\/span><span style=\"font-family: 'times new roman', times, serif;\">\u00a0 \u00a0 \u00a0 \u00a0 \u00a0 \u00a0 \u00a0 \u00a0Prezen\u021ba apelor \u0219i a apelor cu stuf de 184 ha a dus la dezvoltarea turismului piscicol.<\/span><\/p><p><span style=\"font-family: 'times new roman', times, serif;\"><strong>Categorii de turism<\/strong><\/span><\/p><ul><li><span style=\"font-family: 'times new roman', times, serif;\"><strong>Turismul piscicol<\/strong> \u2013prezen\u021bei apelor fiind foarte apreciat\u0103 de iubitorii de pescuit<\/span><\/li><li><span style=\"font-family: 'times new roman', times, serif;\"><strong>Turismul ecvestru<\/strong> \u2013 prezen\u021ba zonelor \u00eemp\u0103durite, dar \u0219i a apelor reprezint\u0103 un element pitoresc pentru iubitorii de plimb\u0103ri c\u0103lare<\/span><\/li><li><span style=\"font-family: 'times new roman', times, serif;\"><strong>Turismul balnear<\/strong> \u2013 prezen\u021ba apei termale extras\u0103 de la mare ad\u00e2ncime atr\u0103g\u00e2nd investitori interna\u021bionali<\/span><\/li><li><span style=\"font-family: 'times new roman', times, serif;\"><strong>Turism sportiv<\/strong>, \u00een fiecare an fiind organizate concursuri de ciclism la care vin mii de participan\u021bi din Rom\u00e2nia \u0219i din lume<\/span><\/li><li><span style=\"font-family: 'times new roman', times, serif;\"><strong>Turismul de proximitate<\/strong> \u2013 Comuna Balote\u0219ti afl\u00e2ndu-se la o distan\u021b\u0103 de 4 km de Aeroportul Otopeni<\/span><\/li><\/ul><p><span style=\"font-family: 'times new roman', times, serif;\">\u00a0 \u00a0 \u00a0 \u00a0 \u00a0 \u00a0 \u00a0 \u00a0 Datorit\u0103 dezvolt\u0103rii acestor tipuri de turism, \u00een zon\u0103 s-au deschis \u0219i numeroase pensiuni \u0219i complexe turistice, pentru o experien\u021b\u0103 memorabil\u0103.<\/span><\/p>\t\t\t\t\t\t<\/div>\n\t\t\t\t<\/div>\n\t\t\t\t\t<\/div>\n\t\t<\/div>\n\t\t\t\t\t<\/div>\n\t\t<\/section>\n\t\t\t\t<\/div>\n\t\t","protected":false},"excerpt":{"rendered":"<p>\u00a0 \u00a0 \u00a0 \u00a0 \u00a0 \u00a0 \u00a0 \u00a0Comuna Balote\u0219ti este situat\u0103 \u00eentr-o zon\u0103 pitoreasc\u0103, ceea ce a facilitat dezvoltarea accentuate a turismului \u00een ultimii ani.Prezentare\u00a0 \u00a0 \u00a0 \u00a0 \u00a0 \u00a0 [&hellip;]<\/p>\n","protected":false},"author":1,"featured_media":0,"parent":0,"menu_order":0,"comment_status":"closed","ping_status":"closed","template":"","meta":{"footnotes":""},"class_list":["post-269","page","type-page","status-publish","hentry"],"_links":{"self":[{"href":"https:\/\/primariabalotesti.ro\/index.php\/wp-json\/wp\/v2\/pages\/269"}],"collection":[{"href":"https:\/\/primariabalotesti.ro\/index.php\/wp-json\/wp\/v2\/pages"}],"about":[{"href":"https:\/\/primariabalotesti.ro\/index.php\/wp-json\/wp\/v2\/types\/page"}],"author":[{"embeddable":true,"href":"https:\/\/primariabalotesti.ro\/index.php\/wp-json\/wp\/v2\/users\/1"}],"replies":[{"embeddable":true,"href":"https:\/\/primariabalotesti.ro\/index.php\/wp-json\/wp\/v2\/comments?post=269"}],"version-history":[{"count":12,"href":"https:\/\/primariabalotesti.ro\/index.php\/wp-json\/wp\/v2\/pages\/269\/revisions"}],"predecessor-version":[{"id":660,"href":"https:\/\/primariabalotesti.ro\/index.php\/wp-json\/wp\/v2\/pages\/269\/revisions\/660"}],"wp:attachment":[{"href":"https:\/\/primariabalotesti.ro\/index.php\/wp-json\/wp\/v2\/media?parent=269"}],"curies":[{"name":"wp","href":"https:\/\/api.w.org\/{rel}","templated":true}]}}