{"id":526,"date":"2018-07-24T07:40:04","date_gmt":"2018-07-24T07:40:04","guid":{"rendered":"http:\/\/primariabalotesti.ro\/?page_id=526"},"modified":"2018-07-24T07:40:04","modified_gmt":"2018-07-24T07:40:04","slug":"cookie","status":"publish","type":"page","link":"https:\/\/primariabalotesti.ro\/index.php\/cookie\/","title":{"rendered":"Cookie"},"content":{"rendered":"<p><span style=\"font-family: times new roman, times, serif;\"><strong>Prim<\/strong><strong>\u0103<\/strong><strong>ria Comunei Balote\u0219ti<\/strong><\/span><\/p>\n<p><span style=\"font-family: times new roman, times, serif;\"><strong>Politica privind securitatea prelucr\u0103rii datelor cu caracter personal \u0219i cookie-uri<\/strong><\/span><\/p>\n<ol>\n<li><span style=\"font-family: times new roman, times, serif;\"><strong>Introducere<br \/>\n<\/strong><\/span><span style=\"font-family: times new roman, times, serif;\">\u00cencep\u00e2nd cu data de 25 mai 2018, a intrat \u00een vigoare Regulamentul nr. 679\/2016 privind protec\u021bia persoanelor fizice \u00een ceea ce priveste prelucrarea datelor cu caracter personal \u0219i privind libera circulatie a acestor date \u0219i de abrogare a Directivei 95\/46\/CE (denumit \u00een continuare \u201e<strong>GDPR<\/strong>\u201d), aplicabil \u00een toate statele membre ale Uniunii Europene. \u00een acest sens, va informam privind conditiile \u00een care realizam prelucrarea datelor cu caracter personal prin utilizarea cookie-urilor pe acest site, \u00een vederea alinierii la dispozitiile noii reglementari.<br \/>\n<\/span><span style=\"font-family: times new roman, times, serif;\">Pentru politica privind securitatea prelucr\u0103rii datelor cu caracter personal din alte surse ale Prim\u0103riei Balote\u0219ti, urma\u021bi acest <strong>link <\/strong><strong>(link c\u0103tre politica de securitate)<br \/>\n<\/strong><\/span><span style=\"font-family: times new roman, times, serif;\">\u00cen tot cuprinsul acestui Acord, prin \u201cutilizator\u201d \u00een\u021belegem orice persoan\u0103 care acceseaz\u0103 www.primariabalotesti.ro, ce va fi denumit \u00een continuare \u201csite\u201d \/ \u201cWebsite\u201d, indiferent de pagina sau resursa pe care o viziteaz\u0103 \u00een site sau de ac\u021biunea pe care dore\u0219te s\u0103 o \u00eentreprind\u0103 prin intermediul paginilor.<\/span><\/li>\n<\/ol>\n<p><span style=\"font-family: times new roman, times, serif;\"><strong>Cine suntem<br \/>\n<\/strong><\/span><span style=\"font-family: times new roman, times, serif;\">Primaria Comuna Balotesti<strong>, cu sediul<\/strong><strong> \u00een <\/strong><strong>Comuna Balotesti, Sat Saftica, Calea<\/strong><strong> Bucure\u0219ti <\/strong><strong>nr.89, Judetul Ilfov, Cod Fiscal 4532469, <\/strong>telefon 021-35110.92., email sediu@pblt.ro, adresa de corespondenta: <strong>Comuna Balotesti, Sat Saftica, Calea<\/strong><strong> Bucure\u0219ti <\/strong><strong>nr.89, Judetul Ilfov,<\/strong> <strong>\u00ee\u0219i asum<\/strong><strong>\u0103 angajamentul de a proteja datele cu caracter personal ale persoanelor vizate<\/strong><strong> \u0219i <\/strong><strong>de a se conforma prevederilor legale<\/strong><strong> \u0219i <\/strong><strong>de reglementare aplicabile privind<\/strong><strong> protec\u021bia <\/strong><strong>acestora.<br \/>\n<\/strong><\/span><span style=\"font-family: times new roman, times, serif;\"><strong>Ce masuri de securitate utilizeaza <\/strong><strong>Primaria Comuna<\/strong><strong> Balote\u0219ti <\/strong><strong>pentru protejarea datele dvs. personale?<br \/>\n<\/strong><\/span><span style=\"font-family: times new roman, times, serif;\">Ne angaj\u0103m s\u0103 protej\u0103m datele cu caracter personal de \u00eendat\u0103 ce suntem \u00een posesia lor prin implementarea de m\u0103suri tehnice \u0219i organizatorice de securitate. \u00cen ciuda eforturilor noastre, \u00een cazul \u00een care vom identifica o bre\u0219\u0103 de securitate, vom lua masurile corective adecvate.<br \/>\n<\/span><span style=\"font-family: times new roman, times, serif;\">Pentru protejareadatelor cu caracter personal, Primaria Comuna Balotestiutilizeazamasuri de pseudonomizare \u0219i tehnologii de criptare. Chiar daca utilizam aceste tehnologii \u0219i alte masuri de securitate pentru a proteja informatiile confidentiale \u0219i a oferi securitatea corespunzatoare, nu garantam ca informatia este securizata 100% sau ca anumite comunicari\u00a0 care vizeaza datele cu caracter personal nu vor fi intarziate, intrerupte, interceptate sau nu vor prezenta erori. Prelucarea \u0219i transmiterea de date cu caracter personal este afectat de riscuri de securitate.<br \/>\n<\/span><span style=\"font-family: times new roman, times, serif;\">Primaria Comunei Balote\u0219ti utilizeaz\u0103 procedurile de securitate \u0219i garan\u021biile pe care le consider\u0103 adecvate pentru protejarea datelor personale ale persoanelor vizate, contribuabili sau sau alte persoane care le furnizeaz\u0103 institutiei. Scopul nostru este de a preveni accesul neautorizat, de a men\u021bine acurate\u021bea datelor, de a asigura utilizarea adecvat\u0103 a datelor \u0219i de a proteja datele impotriva pierderii confiden\u021bialit\u0103\u021bii, \u0219tergerii, utiliz\u0103rii gre\u0219ite sau modific\u0103rii informa\u021biilor aflate sub controlul Primariei Comunei Balotesti.<\/span><br \/>\n<span style=\"font-family: times new roman, times, serif;\"><strong><br \/>\nCe se \u00eent\u00e2mpl\u0103 \u00een cazul \u00een care actualizam prezenta politic\u0103 privind<\/strong><strong> protec\u021bia <\/strong><strong>datelor personale?<br \/>\n<\/strong><\/span><span style=\"font-family: times new roman, times, serif;\">S-ar putea s\u0103 fie nevoie s\u0103 actualiz\u0103m aceast\u0103 politic\u0103. Actualiz\u0103rile vor fi publicate pe site-ul institutiei. Dac\u0103 modific\u0103rile sunt substan\u021biale, vom anun\u021ba actualizarea \u0219i prin canalele de comunicare obi\u0219nuite.<br \/>\n<\/span><span style=\"font-family: times new roman, times, serif;\">Continuarea utiliz\u0103rii de c\u0103tre dvs. a serviciilor publice oferite de Primaria Comuna Balote\u0219ti dup\u0103 data intr\u0103rii \u00een vigoare a acestor actualizari constituie acceptarea de c\u0103tre dvs. a acestor modific\u0103ri.<br \/>\n<\/span><span style=\"font-family: times new roman, times, serif;\">Pentru a v\u0103 u\u0219ura efortul de examinare, vom publica versiunea \u0219i data de intrare \u00een vigoare \u00een partea inferioara a documentului.<\/span><\/p>\n<p><span style=\"font-family: times new roman, times, serif;\"><strong>UTILIZARE COOKIE-URI<\/strong><\/span><\/p>\n<p><span style=\"font-family: times new roman, times, serif;\"><strong>Informa\u021biile prezentate \u00een continuare au scopul de a aduce la cuno\u0219tin\u021ba utilizatorului mai multe detalii despre plasarea, utilizarea \u0219i administrarea \u201ccookie\u201d-urilor utilizate de site.<br \/>\n<\/strong><\/span><span style=\"font-family: times new roman, times, serif;\"><strong>V\u0103 rug\u0103m s\u0103 citi\u021bi cu aten\u021bie informa\u021biile care urmeaz\u0103:<br \/>\n<\/strong><\/span><span style=\"font-family: times new roman, times, serif;\"><strong>Ce sunt Cookie-urile?<br \/>\n<\/strong><\/span><span style=\"font-family: times new roman, times, serif;\"><strong>Cookie-urile sunt fi\u0219iere text de mici dimensiuni, stocate pe echipamentele terminale ale unui utilizator de Internet. Cookie-ul este instalat prin solicitarea emis\u0103 printr-un web-server c\u0103tre un browser (ex: Internet Explorer, Chrome) \u0219i nu con\u021bine programe software, viru\u0219i sau spyware, neav\u00e2nd acces la informa\u021biile de pe hard drive-ul utilizatorului. Aceste fi\u015fiere permit recunoa\u015fterea echipamentului utilizatorului \u015fi afi\u015farea \u00een mod corespunz\u0103tor a paginii de Internet, adaptat\u0103 preferin\u0163elor individuale ale utilizatorului<\/strong><\/span><\/p>\n<p><span style=\"font-family: times new roman, times, serif;\"><strong>Rolul fi\u0219ierelor de tip Cookie<br \/>\n<\/strong><\/span><span style=\"font-family: times new roman, times, serif;\">Fi\u0219ierele de tip Cookies permit recunoa\u015fterea echipamentului utilizatorului \u015fi afi\u015farea \u00een mod corespunz\u0103tor a paginii de Internet, adaptat\u0103 preferin\u0163elor individuale ale utilizatorului.<br \/>\n<\/span><span style=\"font-family: times new roman, times, serif;\">Cookie-urile au rolul de a v\u0103 asigura o experien\u021b\u0103 de navigare web pl\u0103cut\u0103 \u0219i sigur\u0103 \u0219i de a v\u0103 oferi servicii complete \u00een func\u021bie de comportamentul online manifestat pe website-ul Primariei. Concret, pe baza cookie-urilor Primaria are posibilitatea de a:<br \/>\n<\/span><span style=\"font-family: times new roman, times, serif;\">a.<\/span><span style=\"font-family: times new roman, times, serif;\">Adapta prezentarea \u0219i afi\u0219area site &#8211; ului \u00een func\u021bie de preferin\u021bele dvs. (limb\u0103, rezolu\u021bie etc.)<\/span><br \/>\n<span style=\"font-family: times new roman, times, serif;\">b. Crea statistici anonime, care nu presupun identificarea personal, bazate pe comportamentul dvs. pe site \u0219i de interesul manifestat pentru produsele prezentate. Aceste statistici ne permit s\u0103 \u00eembun\u0103t\u0103\u021bim structura \u0219i con\u021binutul site-ului, astfel \u00eenc\u00e2t s\u0103 v\u0103 oferim informa\u021biile de care ave\u021bi nevoie.<\/span><br \/>\n<span style=\"font-family: times new roman, times, serif;\">c. Asigura m\u0103suri de securitate web.<br \/>\n<\/span><span style=\"font-family: times new roman, times, serif;\"><strong>Cookie-urile se clasifica \u00een:<br \/>\n<\/strong><\/span><span style=\"font-family: times new roman, times, serif;\">\u2013 Cookie-uri de sesiune \u2013 acestea sunt stocate temporar \u00een istoricul browser-ului care le memoreaz\u0103 p\u00e2n\u0103 la momentul \u00een care utilizatorul iese de pe site-ul respectiv sau \u00eenchide fereastra browser-ului.<br \/>\n<\/span><span style=\"font-family: times new roman, times, serif;\">\u2013 Cookie-uri Persistente \u2013 Acestea sunt stocate, \u00een functie de durata prestabilit\u0103, pe hard-drive-ul unui computer sau echipament. Cookie-urile persistente le includ \u0219i pe cele plasate de un alt site dec\u00e2t cel pe care \u00eel viziteaz\u0103 utilizatorul la momentul respectiv \u2013 cunoscute sub numele de \u201cthird party cookies\u201d sau \u201ccookie-uri de la ter\u021be p\u0103r\u021bi\u201d \u2013 care pot fi folosite \u00een mod anonim pentru a memora interesele unui utilizator, astfel \u00eenc\u00e2t s\u0103 fie livrat\u0103 publicitate c\u00e2t mai relevant\u0103 pentru utilizatori.<\/span><\/p>\n<p><span style=\"font-family: times new roman, times, serif;\"><strong>Care este durata de via\u021b\u0103 a unui cookie ?<br \/>\n<\/strong><\/span><span style=\"font-family: times new roman, times, serif;\">Durata de via\u021b\u0103 a unui cookie poate fi diferit\u0103, \u00een func\u021bie de scopul pentru care este plasat. Exist\u0103 cookie-uri folosite exclusiv pentru o singur\u0103 sesiune \u2013 acestea nu mai sunt re\u021binute dup\u0103 ce utilizatorul iese de pe site. Cookie-uri permanente \u2013 sunt re\u021binute \u0219i refolosite de fiecare dat\u0103 c\u00e2nd utilizatorul revine pe acel site, \u00eens\u0103 pot fi \u0219terse oric\u00e2nd de utilizator.<\/span><\/p>\n<p><span style=\"font-family: times new roman, times, serif;\"><strong>Ce sunt cookie-urile plasate de ter\u021bi ?<br \/>\n<\/strong><\/span><span style=\"font-family: times new roman, times, serif;\">Anumite p\u0103r\u021bi de con\u021binut, de pe anumite site-uri, pot fi plasate pe site-ul accesat, de c\u0103tre ter\u021be p\u0103r\u021bi, prin intermediul banner-elor, box-urilor sau link-urilor \u2013 iar toate aceste instrumente pot con\u021bine cookie-uri. Ele se numesc \u201cthird party cookies\u201d sau \u201ccookie-uri de la ter\u021be p\u0103r\u021bi\u201d pentru c\u0103 nu sunt plasate de site-ul vizitat iar furnizorii ter\u021bi se supun legilor \u00een vigoare \u0219i politicilor de confiden\u021bialitate ale de\u021bin\u0103torului site-ului ter\u021b.<\/span><\/p>\n<p><span style=\"font-family: times new roman, times, serif;\"><strong>Tipuri de cookie-uri folosite pe siteul http:\/\/www.primariabalotesti.ro<br \/>\n<\/strong><\/span><span style=\"font-family: times new roman, times, serif;\">Site-ul http:\/\/www.primariabalotesti.ro folose\u0219te dou\u0103 tipuri de fi\u0219iere Cookie: per sesiune \u0219i fixe. Cookie-urile per sesiune sunt fi\u0219iere temporare care se instaleaz\u0103 \u00een terminalul dvs. \u00een timpul vizitei pe website-ul nostru \u0219i p\u00e2n\u0103 la \u00eenchiderea sesiunii sau a browser-ului folosit. Cookies-urile fixe r\u0103m\u00e2n \u00een terminalul utilizat de dvs. pentru o perioad\u0103 de timp mai mare, \u00een func\u021bie de parametrii acestora sau p\u00e2n\u0103 c\u00e2nd sunt \u0219terse manual de dvs.\u00a0<\/span><\/p>\n<p><span style=\"font-family: times new roman, times, serif;\"><strong>Cum sunt folosite cookies-urile pe http:\/\/www.primariabalotesti.ro?<br \/>\n<\/strong><\/span><span style=\"font-family: times new roman, times, serif;\">Vizita dvs. pe http:\/\/www.primariabalotesti.ro poate instala fi\u0219iere de tip Cookie pentru ca noi s\u0103 putem analiza:<\/span><br \/>\n<span style=\"font-family: times new roman, times, serif;\">a. performan\u021ba site-ului<\/span><br \/>\n<span style=\"font-family: times new roman, times, serif;\">b. Ip-ul dvs. pentru monitorizarea performantelor \u0219i eventualelor atacuri<\/span><br \/>\n<span style=\"font-family: times new roman, times, serif;\">c. data \u0219i ora acces\u0103rii \u00een scopuri statistice \u0219i monitorizare<\/span><br \/>\n<span style=\"font-family: times new roman, times, serif;\">d. loca\u021bia dvs., \u00een scop de targetare geografic\u0103<\/span><br \/>\n<span style=\"font-family: times new roman, times, serif;\"><strong>Cookie &#8211; urile \u00eenregistreaz\u0103 sau \/ \u0219i con\u021bin date personale?<br \/>\n<\/strong><\/span><span style=\"font-family: times new roman, times, serif;\">Cookie-urile nu solicit\u0103 informa\u021bii cu caracter personal \u0219i nu identific\u0103 personal utilizatorii de internet. Datele personale colectate prin utilizarea Cookie-urilor pot fi folosite doar pentru facilitarea anumitor func\u021bionalit\u0103\u021bi pentru dvs. Aceste date sunt criptate astfel \u00eenc\u00e2t persoanele neautorizate nu pot avea acces la ele.<br \/>\n<\/span><span style=\"font-family: times new roman, times, serif;\"><strong>\u0218tergerea Cookie-urilor<br \/>\n<\/strong><\/span><span style=\"font-family: times new roman, times, serif;\">Aplica\u021biile folosite pentru accesarea paginilor web (browser, de exemplu) salveaz\u0103 Cookie-urile pe terminalul utilizatorilor de Internet \u00een mod implicit. Totu\u0219i, set\u0103rile pot fi schimbate de dvs. . astfel \u00eenc\u00e2t instalarea automat\u0103 a Cookie-urilor s\u0103 fie blocat\u0103 de browser-ul web. Informa\u021bii detaliate despre modurile de administrare a Cookie-urilor sunt disponibile \u00een c\u00e2mpul de set\u0103ri al browser-ului web. V\u0103 inform\u0103m c\u0103 limitarea folosirii Cookie-urilor poate afecta anumite func\u021bionalit\u0103\u021bi ale modului \u00een care sunt afi\u0219ate paginile website-ului http:\/\/www.primariabalotesti.ro .<br \/>\n<\/span><span style=\"font-family: times new roman, times, serif;\"><strong>De ce sunt Cookie-urile importante pentru Internet?<br \/>\n<\/strong><\/span><span style=\"font-family: times new roman, times, serif;\">Cookie-urile sunt importante pentru func\u021bionarea eficient\u0103 a Internetului, \u00een interesul utilizatorului, deoarece contribuie la crearea unei experien\u021be de navigare web simpl\u0103 \u0219i personalizat\u0103 \u00een func\u021bie de interesele, preferin\u021bele \u0219i comportamentul fiec\u0103rui utilizator.<br \/>\n<\/span><span style=\"font-family: times new roman, times, serif;\">Blocarea sau dezactivarea Cookie-urilor poate face unele site-uri imposibil de folosit sau pot limita semnificativ experien\u021ba dvs. pe web. Blocarea sau dezactivarea fi\u0219ierelor Cookie nu \u00eenseamn\u0103 c\u0103 nu v\u0103 vor mai fi livrate mesaje publicitare, ci c\u0103 paginile web pe care v\u0103 afla\u021bi nu v\u0103 vor mai oferi o experien\u021b\u0103 adaptat\u0103 tipului dvs. de comportament \u0219i preferin\u021belor<br \/>\n<\/span><span style=\"font-family: times new roman, times, serif;\">Fi\u0219ierele de tip Cookie sunt importante pentru:<br \/>\na. <\/span><span style=\"font-family: times new roman, times, serif;\">Con\u021binut \u0219i servicii adaptate preferin\u021belor dvs. &#8211; categorii de produse \u0219i servicii.<\/span><br \/>\n<span style=\"font-family: times new roman, times, serif;\">b. Oferte adaptate intereselor dvs. &#8211; re\u021binerea parolelor &#8211; \u00een cazul \u00een care opta\u021bi pentru aceast\u0103 func\u021bionalitate.<\/span><br \/>\n<span style=\"font-family: times new roman, times, serif;\">c. Re\u021binerea filtrelor de protec\u021bie a copiilor privind con\u021binutul web (op\u021biuni family mode, func\u021bii de safe search).<\/span><br \/>\n<span style=\"font-family: times new roman, times, serif;\">d. Limitarea frecven\u021bei de livrare a mesajelor publicitare &#8211; limitarea num\u0103rului de afi\u0219\u0103ri a unei reclame pentru un anumit utilizator pe un site.<\/span><br \/>\n<span style=\"font-family: times new roman, times, serif;\">e. Furnizarea de publicitate relevant\u0103 \u00een func\u021bie de utilizator.<\/span><br \/>\n<span style=\"font-family: times new roman, times, serif;\">f. M\u0103surarea, optimizarea \u0219i \u00eenregistrarea de date legate de performan\u021ba site-ului &#8211; statistici legate de trafic, con\u021binut vizualizat. Aceste informa\u021bii sunt importante pentru \u00eembun\u0103t\u0103\u021birea experien\u021bei web a utilizatorilor.<br \/>\n<\/span><span style=\"font-family: times new roman, times, serif;\"><strong>Securitate web \u0219i aspecte legate de confiden\u021bialitatea utilizatorilor<br \/>\n<\/strong><\/span><span style=\"font-family: times new roman, times, serif;\">Cookie-urile NU sunt viru\u0219i \u0219i nu colecteaz\u0103 date cu caracter personal.<\/span><span style=\"font-family: times new roman, times, serif;\">Totu\u0219i, Cookie-urile pot fi utilizate \u00een detrimentul utilizatorilor, de programele de tip Spyware. Deoarece stocheaz\u0103 informa\u021bii despre preferin\u021bele \u0219i istoricul de navigare al utilizatorilor, Cookie-urile pot fi folosite ca o form\u0103 de Spyware. Aplica\u021biile anti-spyware au rolul de a marca Cookie-urile pentru a fi \u0219terse \u00een cadrul procedurilor de scanare anti-virus\/anti-spyware.<br \/>\n<\/span><span style=\"font-family: times new roman, times, serif;\">Browserele au integrate set\u0103ri de confiden\u021bialitate care ofer\u0103 diferite nivele de acceptare a Cookie-urilor &#8211; precum perioada de valabilitate \u0219i \u0219tergere automat\u0103 la \u00eencheierea unei sesiuni web.<br \/>\n<\/span><span style=\"font-family: times new roman, times, serif;\"><strong>Alte aspecte de securitate legate de Cookie-uri:<br \/>\n<\/strong><\/span><span style=\"font-family: times new roman, times, serif;\">Deoarece to\u021bi utilizatorii de Internet au dreptul la protec\u021bia identit\u0103\u021bii online, este indicat s\u0103 fi\u021bi informat \u00een leg\u0103tur\u0103 cu posibilele riscuri de securitate . Av\u00e2nd \u00een vedere c\u0103 prin intermediul acestor fi\u0219iere se face schimb de informa\u021bii constant \u00eentre browser \u0219i site-ul pe care \u00eel vizita\u021bi, informa\u021biile transmise prin Cookies-uri pot fi interceptate de persoane sau programe neautorizate. De exemplu, acest lucru este posibil \u00een situa\u021bia \u00een care browser-ul se conecteaz\u0103 la server folosind o re\u021bea necriptata\/nesecurizat\u0103 &#8211; cum e cazul anumitor re\u021bele Wi-Fi. <\/span><span style=\"font-family: times new roman, times, serif;\">Alte atacuri bazate pe cookies-uri pot fi posibile din cauza unor set\u0103ri gre\u0219ite ale acestor fi\u0219iere pe servere. Daca un website nu solicit\u0103 browser-ului s\u0103 foloseasc\u0103 doar canale criptate, atacatorii pot folosi aceast\u0103 vulnerabilitate pentru a primi acces la informa\u021biile transmise prin Cookies-uri. Din aceste motive este esen\u021bial s\u0103 acorda\u021bi o aten\u021bie sporit\u0103 set\u0103rilor prin care v\u0103 proteja\u021bi informa\u021biile personale disponibile online.<br \/>\n<\/span><span style=\"font-family: times new roman, times, serif;\"><strong>Sfaturi pentru o navigare web sigur\u0103, bazat\u0103 pe Cookies.<br \/>\n<\/strong><\/span><span style=\"font-family: times new roman, times, serif;\">Datorit\u0103 flexibilit\u0103\u021bii lor \u0219i faptului c\u0103 majoritatea dintre cele mai vizitate site-uri folosesc Cookies-uri, acestea sunt aproape inevitabile. Dezactivarea Cookie-urilor nu v\u0103 va permite accesul pe site-uri precum Youtube, Gmail, Yahoo etc.<br \/>\n<\/span><span style=\"font-family: times new roman, times, serif;\">De aceea, v\u0103 oferim c\u00e2teva sfaturi care s\u0103 v\u0103 asigure o navigare web sigur\u0103, prin intermediul Cookie-urilor.<br \/>\n1. <\/span><span style=\"font-family: times new roman, times, serif;\">Personaliza\u021bi set\u0103rile browser-ului \u00een ceea ce prive\u0219te Cookie-urile.<br \/>\n2. <\/span><span style=\"font-family: times new roman, times, serif;\">Dac\u0103 sunte\u021bi unicul utilizator al terminalului, pute\u021bi seta termene de expirare a Cookie-urilor prelungite.<br \/>\n3. <\/span><span style=\"font-family: times new roman, times, serif;\">\u00cen cazul \u00een care nu sunte\u021bi unicul utilizator al terminalului, lua\u021bi \u00een considerare \u0219tergerea datelor individuale de navigare de fiecare dat\u0103 c\u00e2nd \u00eenchide\u021bi browser-ul.<br \/>\n4<\/span><span style=\"font-family: times new roman, times, serif;\">. Instala\u021bi aplica\u021bii antispyware \u0219i face\u021bi-le constant update.<br \/>\n5. <\/span><span style=\"font-family: times new roman, times, serif;\">Asigura\u021bi-v\u0103 c\u0103 browser-ul folosit este mereu updatat, deoarece multe dintre atacurile bazate pe Cookies sunt posibile din cauza punctelor slabe ale versiunilor vechi ale browserelor.<br \/>\n<\/span><span style=\"font-family: times new roman, times, serif;\">Toate browserele v\u0103 ofer\u0103 posibilitatea de a v\u0103 seta personalizat modul de ac\u021biune a Cookie-urilor.<\/span><span style=\"font-family: times new roman, times, serif;\">Pentru a \u00een\u021belege aceste set\u0103ri, accesa\u021bi unul din linkurile de mai jos, \u00een func\u021bie de browser-ul folosit:<br \/>\n<\/span><span style=\"font-family: times new roman, times, serif;\">Set\u0103ri Cookies \u00een Internet Explorer<\/span><br \/>\n<span style=\"font-family: times new roman, times, serif;\">Set\u0103ri Cookies \u00een Firefox<\/span><br \/>\n<span style=\"font-family: times new roman, times, serif;\">Set\u0103ri Cookies \u00een Google Chrome<\/span><br \/>\n<span style=\"font-family: times new roman, times, serif;\">Set\u0103ri Cookies \u00een Safari<br \/>\n<\/span><span style=\"font-family: times new roman, times, serif;\">Pentru set\u0103rile cookie-urilor generate de ter\u021bi pute\u021bi consulta \u0219i site-ul:<\/span><br \/>\n<span style=\"font-family: times new roman, times, serif;\">http:\/\/www.youronlinechoices.com\/ro\/<\/span><br \/>\n<span style=\"font-family: times new roman, times, serif;\"><br \/>\n<\/span><span style=\"font-family: times new roman, times, serif;\"><strong>Linkuri utile<br \/>\n<\/strong><\/span><span style=\"font-family: times new roman, times, serif;\">Pentru a afla mai multe informa\u021bii despre Cookies-uri \u0219i cum func\u021bioneaz\u0103 acestea, accesa\u021bi resursele de mai jos:<\/span><br \/>\n<span style=\"font-family: times new roman, times, serif;\">Microsoft Cookies guide<\/span><br \/>\n<span style=\"font-family: times new roman, times, serif;\">All About Cookies<\/span><br \/>\n<span style=\"font-family: times new roman, times, serif;\">http:\/\/www.youronlinechoices.com\/ro\/<\/span><br \/>\n<span style=\"font-family: times new roman, times, serif;\">https:\/\/www.cookiechoices.org\/<br \/>\n<\/span><span style=\"font-family: times new roman, times, serif;\"><strong>Contacteaz\u0103 <\/strong><strong>Primaria Balote\u0219ti<br \/>\n<\/strong><\/span><span style=\"font-family: times new roman, times, serif;\">Dac\u0103 doriti s\u0103 corectati datele dvs. cu caracter personal sau alte informa\u021bii, s\u0103 modificati modul \u00een care colaboram \u0219i prelucram aceste date sau daca doriti sa adresati \u00eentreb\u0103ri despre politicile noastre aplicabile securitatii prelucrarii datelor cu caracter personal, v\u0103 rug\u0103m s\u0103 ne contacta\u021bi la datele de contact de mai jos:<\/span><\/p>\n<p><span style=\"font-family: times new roman, times, serif;\"><strong>Primaria Balote\u0219ti<\/strong><br \/>\n<\/span><span style=\"font-family: times new roman, times, serif; font-size: 12pt;\">Adresa:Comuna Balotesti, Sat Saftica, Calea Bucure\u0219ti nr.89, Judetul Ilfov<br \/>\n<\/span><span style=\"font-family: times new roman, times, serif;\">sediu@pblt.ro<br \/>\n<\/span><span style=\"font-family: times new roman, times, serif;\">dpo@pblt.ro<br \/>\n<\/span><span style=\"font-family: times new roman, times, serif;\">Tel\/Fax: 0213511092\/0213521885<\/span><\/p>\n","protected":false},"excerpt":{"rendered":"<p>Prim\u0103ria Comunei Balote\u0219ti Politica privind securitatea prelucr\u0103rii datelor cu caracter personal \u0219i cookie-uri Introducere \u00cencep\u00e2nd cu data de 25 mai 2018, a intrat \u00een vigoare Regulamentul nr. 679\/2016 privind protec\u021bia [&hellip;]<\/p>\n","protected":false},"author":1,"featured_media":0,"parent":0,"menu_order":0,"comment_status":"closed","ping_status":"closed","template":"","meta":{"footnotes":""},"class_list":["post-526","page","type-page","status-publish","hentry"],"_links":{"self":[{"href":"https:\/\/primariabalotesti.ro\/index.php\/wp-json\/wp\/v2\/pages\/526"}],"collection":[{"href":"https:\/\/primariabalotesti.ro\/index.php\/wp-json\/wp\/v2\/pages"}],"about":[{"href":"https:\/\/primariabalotesti.ro\/index.php\/wp-json\/wp\/v2\/types\/page"}],"author":[{"embeddable":true,"href":"https:\/\/primariabalotesti.ro\/index.php\/wp-json\/wp\/v2\/users\/1"}],"replies":[{"embeddable":true,"href":"https:\/\/primariabalotesti.ro\/index.php\/wp-json\/wp\/v2\/comments?post=526"}],"version-history":[{"count":1,"href":"https:\/\/primariabalotesti.ro\/index.php\/wp-json\/wp\/v2\/pages\/526\/revisions"}],"predecessor-version":[{"id":527,"href":"https:\/\/primariabalotesti.ro\/index.php\/wp-json\/wp\/v2\/pages\/526\/revisions\/527"}],"wp:attachment":[{"href":"https:\/\/primariabalotesti.ro\/index.php\/wp-json\/wp\/v2\/media?parent=526"}],"curies":[{"name":"wp","href":"https:\/\/api.w.org\/{rel}","templated":true}]}}