{"id":89,"date":"2018-07-12T18:07:49","date_gmt":"2018-07-12T18:07:49","guid":{"rendered":"http:\/\/primariabalotesti.ro\/?page_id=89"},"modified":"2018-08-06T08:39:53","modified_gmt":"2018-08-06T08:39:53","slug":"institutii-de-cult","status":"publish","type":"page","link":"https:\/\/primariabalotesti.ro\/index.php\/institutii-de-cult\/","title":{"rendered":"Institu\u021bii de cult"},"content":{"rendered":"\t\t<div data-elementor-type=\"wp-post\" data-elementor-id=\"89\" class=\"elementor elementor-89 elementor-bc-flex-widget\">\n\t\t\t\t\t\t<section class=\"elementor-section elementor-top-section elementor-element elementor-element-825bbb6 elementor-section-boxed elementor-section-height-default elementor-section-height-default\" data-id=\"825bbb6\" data-element_type=\"section\">\n\t\t\t\t\t\t<div class=\"elementor-container elementor-column-gap-default\">\n\t\t\t\t\t<div class=\"elementor-column elementor-col-100 elementor-top-column elementor-element elementor-element-7bf1f6d\" data-id=\"7bf1f6d\" data-element_type=\"column\">\n\t\t\t<div class=\"elementor-widget-wrap elementor-element-populated\">\n\t\t\t\t\t\t<div class=\"elementor-element elementor-element-1fc9d3c elementor-widget elementor-widget-text-editor\" data-id=\"1fc9d3c\" data-element_type=\"widget\" data-widget_type=\"text-editor.default\">\n\t\t\t\t<div class=\"elementor-widget-container\">\n\t\t\t\t\t\t\t<p style=\"text-align: center;\"><span style=\"font-family: times new roman, times, serif;\">\u00a0\u00a0\u00a0\u00a0\u00a0\u00a0\u00a0\u00a0\u00a0\u00a0\u00a0\u00a0 <br \/><\/span><\/p><p><span style=\"font-family: times new roman, times, serif;\">\u00a0\u00a0\u00a0\u00a0\u00a0\u00a0\u00a0\u00a0\u00a0\u00a0\u00a0\u00a0\u00a0\u00a0\u00a0\u00a0\u00a0\u00a0 Pe teritoriul comunei Balote\u0219ti sunt 4 biserici ce dateaza din secolele XVIII \u2013 XX.<\/span><\/p><p><span style=\"font-family: times new roman, times, serif;\">Biserica parohiei Balote\u015fti face parte din obiectivele turistice ale jude\u0163ului Ilfov, al\u0103turi de alte biserici, (Gr\u0103di\u015ftea, Sili\u015ftea) \u015fi m\u0103n\u0103stiri, (C\u0103ld\u0103ru\u015fani, Cernica, Dridu, Pas\u0103rea) mai vechi.\u00a0<\/span><\/p>\t\t\t\t\t\t<\/div>\n\t\t\t\t<\/div>\n\t\t\t\t\t<\/div>\n\t\t<\/div>\n\t\t\t\t\t<\/div>\n\t\t<\/section>\n\t\t\t\t<section class=\"elementor-section elementor-top-section elementor-element elementor-element-756e1fe elementor-section-boxed elementor-section-height-default elementor-section-height-default\" data-id=\"756e1fe\" data-element_type=\"section\">\n\t\t\t\t\t\t<div class=\"elementor-container elementor-column-gap-default\">\n\t\t\t\t\t<div class=\"elementor-column elementor-col-50 elementor-top-column elementor-element elementor-element-e77035a\" data-id=\"e77035a\" data-element_type=\"column\">\n\t\t\t<div class=\"elementor-widget-wrap elementor-element-populated\">\n\t\t\t\t\t\t<div class=\"elementor-element elementor-element-7fb0870 elementor-widget elementor-widget-text-editor\" data-id=\"7fb0870\" data-element_type=\"widget\" data-widget_type=\"text-editor.default\">\n\t\t\t\t<div class=\"elementor-widget-container\">\n\t\t\t\t\t\t\t<p><span style=\"font-family: times new roman, times, serif;\">Biserica, monument istoric din secolul al XVIII,\u00a0 cu hramul celor trei sfin\u0163i: Nicolae, f\u0103c\u0103torul de minuni, mare mucenic Teodor Tiron \u015fi Stelian a fost zidit\u0103 \u00een anul 1763 de Zamfirache \u015fi so\u0163ia lui Elena \u00een cinstea sfin\u0163ilor Nicolae, Teodor Tiron \u015fi Stelian.<\/span><\/p><p><span style=\"font-family: times new roman, times, serif;\">Biserica este deosebit de frumoas\u0103 mai ales prin icoanele \u00eemp\u0103r\u0103te\u015fti vechi de pe catapeteasm\u0103, prin fresca actual\u0103 \u0219i imaginea cu \u00a0Judecata de la intrarea \u00een naos, pictat\u0103 \u015fi restaurat\u0103 \u00een mod admirabil.<\/span><\/p><p><span style=\"font-family: times new roman, times, serif;\">Biserica este amplasat\u0103 \u00een centrul Comunei Balote\u0219ti, \u00een zona numit\u0103 vatra satului.<\/span><\/p><p><span style=\"font-family: times new roman, times, serif;\">Site web: http:\/\/balotesti.protoieriailfovnord.ro\/<\/span><\/p><p><span style=\"font-family: times new roman, times, serif;\">\u00a0<\/span><\/p>\t\t\t\t\t\t<\/div>\n\t\t\t\t<\/div>\n\t\t\t\t\t<\/div>\n\t\t<\/div>\n\t\t\t\t<div class=\"elementor-column elementor-col-50 elementor-top-column elementor-element elementor-element-b03c9d9\" data-id=\"b03c9d9\" data-element_type=\"column\">\n\t\t\t<div class=\"elementor-widget-wrap elementor-element-populated\">\n\t\t\t\t\t\t<div class=\"elementor-element elementor-element-14b12c1 elementor-widget elementor-widget-image\" data-id=\"14b12c1\" data-element_type=\"widget\" data-widget_type=\"image.default\">\n\t\t\t\t<div class=\"elementor-widget-container\">\n\t\t\t\t\t\t\t\t\t\t\t\t\t\t<a href=\"http:\/\/primariabalotesti.ro\/wp-content\/uploads\/2018\/08\/b1-balotesti.jpg\" data-elementor-open-lightbox=\"yes\" data-elementor-lightbox-title=\"b1-balotesti\" data-e-action-hash=\"#elementor-action%3Aaction%3Dlightbox%26settings%3DeyJpZCI6NjgwLCJ1cmwiOiJodHRwczpcL1wvcHJpbWFyaWFiYWxvdGVzdGkucm9cL3dwLWNvbnRlbnRcL3VwbG9hZHNcLzIwMThcLzA4XC9iMS1iYWxvdGVzdGkuanBnIn0%3D\">\n\t\t\t\t\t\t\t<img decoding=\"async\" src=\"https:\/\/primariabalotesti.ro\/wp-content\/uploads\/elementor\/thumbs\/b1-balotesti-nu7ok96rku0mlim8dbxof2w9solttr51g38fttcouo.jpg\" title=\"b1-balotesti\" alt=\"b1-balotesti\" loading=\"lazy\" \/>\t\t\t\t\t\t\t\t<\/a>\n\t\t\t\t\t\t\t\t\t\t\t\t\t<\/div>\n\t\t\t\t<\/div>\n\t\t\t\t\t<\/div>\n\t\t<\/div>\n\t\t\t\t\t<\/div>\n\t\t<\/section>\n\t\t\t\t<section class=\"elementor-section elementor-top-section elementor-element elementor-element-dbb9051 elementor-section-boxed elementor-section-height-default elementor-section-height-default\" data-id=\"dbb9051\" data-element_type=\"section\">\n\t\t\t\t\t\t<div class=\"elementor-container elementor-column-gap-default\">\n\t\t\t\t\t<div class=\"elementor-column elementor-col-50 elementor-top-column elementor-element elementor-element-c2e2117\" data-id=\"c2e2117\" data-element_type=\"column\">\n\t\t\t<div class=\"elementor-widget-wrap elementor-element-populated\">\n\t\t\t\t\t\t<div class=\"elementor-element elementor-element-8b21ae5 elementor-widget elementor-widget-text-editor\" data-id=\"8b21ae5\" data-element_type=\"widget\" data-widget_type=\"text-editor.default\">\n\t\t\t\t<div class=\"elementor-widget-container\">\n\t\t\t\t\t\t\t<p><span style=\"font-family: times new roman, times, serif;\">Biserica Preo\u021be\u0219ti, construit\u0103 \u00een 1945, cu hramul Adormirea Maicii Domnului.<\/span><\/p><p><span style=\"font-family: times new roman, times, serif;\">Site web: http:\/\/preotesti.protoieriailfovnord.ro<\/span><\/p>\t\t\t\t\t\t<\/div>\n\t\t\t\t<\/div>\n\t\t\t\t\t<\/div>\n\t\t<\/div>\n\t\t\t\t<div class=\"elementor-column elementor-col-50 elementor-top-column elementor-element elementor-element-6957903\" data-id=\"6957903\" data-element_type=\"column\">\n\t\t\t<div class=\"elementor-widget-wrap elementor-element-populated\">\n\t\t\t\t\t\t<div class=\"elementor-element elementor-element-8accc12 elementor-widget elementor-widget-image\" data-id=\"8accc12\" data-element_type=\"widget\" data-widget_type=\"image.default\">\n\t\t\t\t<div class=\"elementor-widget-container\">\n\t\t\t\t\t\t\t\t\t\t\t\t\t\t<a href=\"http:\/\/primariabalotesti.ro\/wp-content\/uploads\/2018\/08\/b2-preotesti.png\" data-elementor-open-lightbox=\"yes\" data-elementor-lightbox-title=\"b2-preotesti\" data-e-action-hash=\"#elementor-action%3Aaction%3Dlightbox%26settings%3DeyJpZCI6NjgxLCJ1cmwiOiJodHRwczpcL1wvcHJpbWFyaWFiYWxvdGVzdGkucm9cL3dwLWNvbnRlbnRcL3VwbG9hZHNcLzIwMThcLzA4XC9iMi1wcmVvdGVzdGkucG5nIn0%3D\">\n\t\t\t\t\t\t\t<img decoding=\"async\" src=\"https:\/\/primariabalotesti.ro\/wp-content\/uploads\/elementor\/thumbs\/b2-preotesti-nu7oka4lro1wx4kv7ucazknqe2h71g8rs7vxb3baog.png\" title=\"b2-preotesti\" alt=\"b2-preotesti\" loading=\"lazy\" \/>\t\t\t\t\t\t\t\t<\/a>\n\t\t\t\t\t\t\t\t\t\t\t\t\t<\/div>\n\t\t\t\t<\/div>\n\t\t\t\t\t<\/div>\n\t\t<\/div>\n\t\t\t\t\t<\/div>\n\t\t<\/section>\n\t\t\t\t<section class=\"elementor-section elementor-top-section elementor-element elementor-element-f2f3a9b elementor-section-boxed elementor-section-height-default elementor-section-height-default\" data-id=\"f2f3a9b\" data-element_type=\"section\">\n\t\t\t\t\t\t<div class=\"elementor-container elementor-column-gap-default\">\n\t\t\t\t\t<div class=\"elementor-column elementor-col-50 elementor-top-column elementor-element elementor-element-f6bf8b1\" data-id=\"f6bf8b1\" data-element_type=\"column\">\n\t\t\t<div class=\"elementor-widget-wrap elementor-element-populated\">\n\t\t\t\t\t\t<div class=\"elementor-element elementor-element-4cc3351 elementor-widget elementor-widget-text-editor\" data-id=\"4cc3351\" data-element_type=\"widget\" data-widget_type=\"text-editor.default\">\n\t\t\t\t<div class=\"elementor-widget-container\">\n\t\t\t\t\t\t\t<p><span style=\"font-family: times new roman, times, serif;\">Biserica satului Dumbraveni, (pe vremuri avand doua denumiri), a fost ridicata de catre obstea satului din anul 1808.<\/span><\/p><p><span style=\"font-family: times new roman, times, serif;\">Din cauza cutremurelor din 1940, 1977, 1987 si 1990, Biserica era in pericol de cadere, crapaturile peretilor ajungand de un lat de palma. Lucrarile de consolidare, de ridicare a zidurilor, de \u00eencingere a acestora cu centuri armate, deasemenea a st\u00e2lpilor de sus\u021binere a pere\u021bilor, precum \u0219i a grinzilor ,de refacere a asterelei, de ridicare a celor trei turle una mare \u0219i dou\u0103 mici, de acoperire cu tabla \u00een solzi \u0219i de refacere a pardoselii din interior \u0219i de pavare a curtii Bisericii, au durat pana in anul 2006. Pictura a fost ref\u0103cut\u0103, \u0219i a durat p\u00e2n\u0103 \u00een vara anului 2007.<\/span><\/p><p><span style=\"font-family: times new roman, times, serif;\">Site web: <a href=\"http:\/\/dumbraveni.protoieriailfovnord.ro\">http:\/\/dumbraveni.protoieriailfovnord.ro<\/a><\/span><\/p>\t\t\t\t\t\t<\/div>\n\t\t\t\t<\/div>\n\t\t\t\t\t<\/div>\n\t\t<\/div>\n\t\t\t\t<div class=\"elementor-column elementor-col-50 elementor-top-column elementor-element elementor-element-59e4905\" data-id=\"59e4905\" data-element_type=\"column\">\n\t\t\t<div class=\"elementor-widget-wrap elementor-element-populated\">\n\t\t\t\t\t\t<div class=\"elementor-element elementor-element-7e375aa elementor-widget elementor-widget-image\" data-id=\"7e375aa\" data-element_type=\"widget\" data-widget_type=\"image.default\">\n\t\t\t\t<div class=\"elementor-widget-container\">\n\t\t\t\t\t\t\t\t\t\t\t\t\t\t<a href=\"http:\/\/primariabalotesti.ro\/wp-content\/uploads\/2018\/08\/b3-dumbraveni.jpg\" data-elementor-open-lightbox=\"yes\" data-elementor-lightbox-title=\"b3-dumbraveni\" data-e-action-hash=\"#elementor-action%3Aaction%3Dlightbox%26settings%3DeyJpZCI6NjgyLCJ1cmwiOiJodHRwczpcL1wvcHJpbWFyaWFiYWxvdGVzdGkucm9cL3dwLWNvbnRlbnRcL3VwbG9hZHNcLzIwMThcLzA4XC9iMy1kdW1icmF2ZW5pLmpwZyJ9\">\n\t\t\t\t\t\t\t<img decoding=\"async\" src=\"https:\/\/primariabalotesti.ro\/wp-content\/uploads\/elementor\/thumbs\/b3-dumbraveni-nu7okb2fyi378qji2cqxk2f6zgck95ci4cjesd9wi8.jpg\" title=\"b3-dumbraveni\" alt=\"b3-dumbraveni\" loading=\"lazy\" \/>\t\t\t\t\t\t\t\t<\/a>\n\t\t\t\t\t\t\t\t\t\t\t\t\t<\/div>\n\t\t\t\t<\/div>\n\t\t\t\t\t<\/div>\n\t\t<\/div>\n\t\t\t\t\t<\/div>\n\t\t<\/section>\n\t\t\t\t<section class=\"elementor-section elementor-top-section elementor-element elementor-element-14d9a61 elementor-section-boxed elementor-section-height-default elementor-section-height-default\" data-id=\"14d9a61\" data-element_type=\"section\">\n\t\t\t\t\t\t<div class=\"elementor-container elementor-column-gap-default\">\n\t\t\t\t\t<div class=\"elementor-column elementor-col-50 elementor-top-column elementor-element elementor-element-a2a2355\" data-id=\"a2a2355\" data-element_type=\"column\">\n\t\t\t<div class=\"elementor-widget-wrap elementor-element-populated\">\n\t\t\t\t\t\t<div class=\"elementor-element elementor-element-bdd8d71 elementor-widget elementor-widget-text-editor\" data-id=\"bdd8d71\" data-element_type=\"widget\" data-widget_type=\"text-editor.default\">\n\t\t\t\t<div class=\"elementor-widget-container\">\n\t\t\t\t\t\t\t<p><span style=\"font-family: times new roman, times, serif;\">\u00a0\u00a0\u00a0\u00a0\u00a0\u00a0\u00a0\u00a0\u00a0\u00a0\u00a0\u00a0 Biserica parohial\u0103 S\u0103ftica,\u00a0 monument istoric, a fost zidit\u0103 in anul 1801,de c\u0103tre doamna Safta Sl\u0103tineanu, so\u0163ia vel vornicului Radu Sl\u0103tineanu, \u00een timpul domnitorului Alexandru Constantin Moruz Voievod \u015fi a Mitropolitului Dosoftei.<\/span><\/p><p><span style=\"font-family: times new roman, times, serif;\">Hramurile bisericii sunt: Sf\u00e2nta Treime, Sf\u00e2ntul Mare Mucenic Dimitrie si Sf\u00e2nta Elisabeta.<\/span><\/p><p><span style=\"font-family: times new roman, times, serif;\">Biserica este amplasat\u0103 pe Calea Bucure\u0219ti, S\u0103ftica, \u00een direc\u021bia c\u0103tre Bucure\u0219ti.<\/span><\/p><p><span style=\"font-family: times new roman, times, serif;\">Site web http:\/\/saftica.protoieriailfovnord.ro\/<\/span><\/p>\t\t\t\t\t\t<\/div>\n\t\t\t\t<\/div>\n\t\t\t\t\t<\/div>\n\t\t<\/div>\n\t\t\t\t<div class=\"elementor-column elementor-col-50 elementor-top-column elementor-element elementor-element-9f0a493\" data-id=\"9f0a493\" data-element_type=\"column\">\n\t\t\t<div class=\"elementor-widget-wrap elementor-element-populated\">\n\t\t\t\t\t\t<div class=\"elementor-element elementor-element-e9c2d7f elementor-widget elementor-widget-image\" data-id=\"e9c2d7f\" data-element_type=\"widget\" data-widget_type=\"image.default\">\n\t\t\t\t<div class=\"elementor-widget-container\">\n\t\t\t\t\t\t\t\t\t\t\t\t\t\t<a href=\"http:\/\/primariabalotesti.ro\/wp-content\/uploads\/2018\/08\/b4-saftica.jpg\" data-elementor-open-lightbox=\"yes\" data-elementor-lightbox-title=\"b4-saftica\" data-e-action-hash=\"#elementor-action%3Aaction%3Dlightbox%26settings%3DeyJpZCI6NjgzLCJ1cmwiOiJodHRwczpcL1wvcHJpbWFyaWFiYWxvdGVzdGkucm9cL3dwLWNvbnRlbnRcL3VwbG9hZHNcLzIwMThcLzA4XC9iNC1zYWZ0aWNhLmpwZyJ9\">\n\t\t\t\t\t\t\t<img decoding=\"async\" src=\"https:\/\/primariabalotesti.ro\/wp-content\/uploads\/elementor\/thumbs\/b4-saftica-nu7okc0a5c4hkci4wv5k4k6nku7xgug8gh6w9n8ic0.jpg\" title=\"b4-saftica\" alt=\"b4-saftica\" loading=\"lazy\" \/>\t\t\t\t\t\t\t\t<\/a>\n\t\t\t\t\t\t\t\t\t\t\t\t\t<\/div>\n\t\t\t\t<\/div>\n\t\t\t\t\t<\/div>\n\t\t<\/div>\n\t\t\t\t\t<\/div>\n\t\t<\/section>\n\t\t\t\t<\/div>\n\t\t","protected":false},"excerpt":{"rendered":"<p>\u00a0\u00a0\u00a0\u00a0\u00a0\u00a0\u00a0\u00a0\u00a0\u00a0\u00a0\u00a0 \u00a0\u00a0\u00a0\u00a0\u00a0\u00a0\u00a0\u00a0\u00a0\u00a0\u00a0\u00a0\u00a0\u00a0\u00a0\u00a0\u00a0\u00a0 Pe teritoriul comunei Balote\u0219ti sunt 4 biserici ce dateaza din secolele XVIII \u2013 XX. Biserica parohiei Balote\u015fti face parte din obiectivele turistice ale jude\u0163ului Ilfov, al\u0103turi de alte [&hellip;]<\/p>\n","protected":false},"author":1,"featured_media":0,"parent":0,"menu_order":0,"comment_status":"closed","ping_status":"closed","template":"","meta":{"footnotes":""},"class_list":["post-89","page","type-page","status-publish","hentry"],"_links":{"self":[{"href":"https:\/\/primariabalotesti.ro\/index.php\/wp-json\/wp\/v2\/pages\/89"}],"collection":[{"href":"https:\/\/primariabalotesti.ro\/index.php\/wp-json\/wp\/v2\/pages"}],"about":[{"href":"https:\/\/primariabalotesti.ro\/index.php\/wp-json\/wp\/v2\/types\/page"}],"author":[{"embeddable":true,"href":"https:\/\/primariabalotesti.ro\/index.php\/wp-json\/wp\/v2\/users\/1"}],"replies":[{"embeddable":true,"href":"https:\/\/primariabalotesti.ro\/index.php\/wp-json\/wp\/v2\/comments?post=89"}],"version-history":[{"count":15,"href":"https:\/\/primariabalotesti.ro\/index.php\/wp-json\/wp\/v2\/pages\/89\/revisions"}],"predecessor-version":[{"id":697,"href":"https:\/\/primariabalotesti.ro\/index.php\/wp-json\/wp\/v2\/pages\/89\/revisions\/697"}],"wp:attachment":[{"href":"https:\/\/primariabalotesti.ro\/index.php\/wp-json\/wp\/v2\/media?parent=89"}],"curies":[{"name":"wp","href":"https:\/\/api.w.org\/{rel}","templated":true}]}}